CRAN Package Check Results for Package assignR

Last updated on 2021-05-15 21:46:42 CEST.

Flavor Version Tinstall Tcheck Ttotal Status Flags
r-devel-linux-x86_64-debian-clang 2.0.0 13.91 309.22 323.13 OK
r-devel-linux-x86_64-debian-gcc 2.0.0 10.74 227.39 238.13 OK
r-devel-linux-x86_64-fedora-clang 2.0.0 389.07 NOTE
r-devel-linux-x86_64-fedora-gcc 2.0.0 385.05 NOTE
r-devel-windows-ix86+x86_64 2.0.0 34.00 353.00 387.00 OK
r-devel-windows-x86_64-gcc10-UCRT 2.0.0 NOTE
r-patched-linux-x86_64 2.0.0 12.06 294.36 306.42 OK
r-patched-solaris-x86 2.0.0 479.10 NOTE
r-release-linux-x86_64 2.0.0 13.81 293.81 307.62 OK
r-release-macos-x86_64 2.0.0 NOTE
r-release-windows-ix86+x86_64 2.0.0 27.00 309.00 336.00 OK
r-oldrel-macos-x86_64 2.0.0 NOTE
r-oldrel-windows-ix86+x86_64 2.0.0 19.00 353.00 372.00 OK

Check Details

Version: 2.0.0
Check: data for non-ASCII characters
Result: NOTE
     Note: found 8 marked UTF-8 strings
Flavors: r-devel-linux-x86_64-fedora-clang, r-devel-linux-x86_64-fedora-gcc, r-devel-windows-x86_64-gcc10-UCRT, r-patched-solaris-x86, r-release-macos-x86_64, r-oldrel-macos-x86_64