CRAN Package Check Results for Package assist

Last updated on 2019-05-24 13:48:14 CEST.

Flavor Version Tinstall Tcheck Ttotal Status Flags
r-devel-linux-x86_64-debian-clang 3.1.3 14.79 60.83 75.62 NOTE
r-devel-linux-x86_64-debian-gcc 3.1.3 10.73 45.14 55.87 NOTE
r-devel-linux-x86_64-fedora-clang 3.1.3 87.56 NOTE
r-devel-linux-x86_64-fedora-gcc 3.1.3 84.82 NOTE
r-devel-windows-ix86+x86_64 3.1.3 30.00 103.00 133.00 ERROR
r-patched-linux-x86_64 3.1.3 10.62 60.66 71.28 NOTE
r-patched-solaris-x86 3.1.3 128.30 NOTE
r-release-linux-x86_64 3.1.3 11.82 60.45 72.27 NOTE
r-release-windows-ix86+x86_64 3.1.3 36.00 99.00 135.00 NOTE
r-release-osx-x86_64 3.1.3 NOTE
r-oldrel-windows-ix86+x86_64 3.1.3 32.00 85.00 117.00 NOTE
r-oldrel-osx-x86_64 3.1.3 NOTE

Check Details

Version: 3.1.3
Check: R code for possible problems
Result: NOTE
    anova.ssr: no visible global function definition for 'rnorm'
    deviance.ssr: no visible global function definition for 'binomial'
    deviance.ssr: no visible global function definition for 'poisson'
    deviance.ssr: no visible global function definition for 'Gamma'
    intervals.slm: no visible global function definition for 'model.matrix'
    model.matrix2: no visible global function definition for 'model.matrix'
    plot.ssr: no visible global function definition for 'menu'
    plot.ssr: no visible global function definition for 'predict'
    plot.ssr: no visible global function definition for 'plot'
    plot.ssr: no visible global function definition for 'lines'
    plot.ssr: no visible global function definition for 'qqnorm'
    plot.ssr: no visible global function definition for 'qqline'
    predict.slm: no visible global function definition for 'formula'
    predict.slm: no visible global function definition for 'model.matrix'
    predict.snm: no visible global function definition for 'formula'
    predict.snm: no visible global function definition for 'model.matrix'
    predict.ssr: no visible global function definition for 'model.matrix'
    print.anova.ssr: no visible global function definition for 'pchisq'
    print.snr: no visible global function definition for 'coef'
    slm: no visible global function definition for 'model.extract'
    slm: no visible global function definition for 'model.matrix'
    slm: no visible binding for global variable 'as.formula'
    slm: no visible global function definition for 'coef'
    snm: no visible global function definition for 'model.matrix'
    ssr: no visible binding for global variable 'na.fail'
    ssr: no visible global function definition for 'model.extract'
    ssr: no visible global function definition for 'model.matrix'
    ssr: no visible binding for global variable 'as.formula'
    ssr: no visible global function definition for 'coef'
    Undefined global functions or variables:
     Gamma as.formula binomial coef formula lines menu model.extract
     model.matrix na.fail pchisq plot poisson predict qqline qqnorm rnorm
    Consider adding
     importFrom("graphics", "lines", "plot")
     importFrom("stats", "Gamma", "as.formula", "binomial", "coef",
     "formula", "model.extract", "model.matrix", "na.fail",
     "pchisq", "poisson", "predict", "qqline", "qqnorm", "rnorm")
     importFrom("utils", "menu")
    to your NAMESPACE file.
Flavors: r-devel-linux-x86_64-debian-clang, r-devel-linux-x86_64-debian-gcc, r-devel-linux-x86_64-fedora-clang, r-devel-linux-x86_64-fedora-gcc, r-devel-windows-ix86+x86_64, r-patched-linux-x86_64, r-patched-solaris-x86, r-release-linux-x86_64, r-release-windows-ix86+x86_64, r-release-osx-x86_64, r-oldrel-windows-ix86+x86_64, r-oldrel-osx-x86_64

Version: 3.1.3
Check: compiled code
Result: NOTE
    File ‘assist/libs/assist.so’:
     Found no calls to: ‘R_registerRoutines’, ‘R_useDynamicSymbols’
    
    It is good practice to register native routines and to disable symbol
    search.
    
    See ‘Writing portable packages’ in the ‘Writing R Extensions’ manual.
Flavors: r-devel-linux-x86_64-fedora-clang, r-devel-linux-x86_64-fedora-gcc

Version: 3.1.3
Check: running examples for arch ‘i386’
Result: ERROR
    Running examples in 'assist-Ex.R' failed
    The error most likely occurred in:
    
    > ### Name: anova.ssr
    > ### Title: Testing a Non-parametric Function Fitted via Smoothing Splines
    > ### Aliases: anova.ssr
    > ### Keywords: file
    >
    > ### ** Examples
    >
    > data(acid)
    >
    > # fit a partial thin-plate spline
    > temp <- ssr(ph~t1+x1+x2, rk=tp(t1), data=acid, spar="m")
    At line 1992 of file rkpk1.f
    Fortran runtime error: Index '2' of dimension 1 of array 'jpvt' above upper bound of 1
Flavor: r-devel-windows-ix86+x86_64

Version: 3.1.3
Check: running examples for arch ‘x64’
Result: ERROR
    Running examples in 'assist-Ex.R' failed
    The error most likely occurred in:
    
    > ### Name: anova.ssr
    > ### Title: Testing a Non-parametric Function Fitted via Smoothing Splines
    > ### Aliases: anova.ssr
    > ### Keywords: file
    >
    > ### ** Examples
    >
    > data(acid)
    >
    > # fit a partial thin-plate spline
    > temp <- ssr(ph~t1+x1+x2, rk=tp(t1), data=acid, spar="m")
    At line 1992 of file rkpk1.f
    Fortran runtime error: Index '2' of dimension 1 of array 'jpvt' above upper bound of 1
Flavor: r-devel-windows-ix86+x86_64