CRAN Package Check Results for Package asus

Last updated on 2020-04-02 21:47:36 CEST.

Flavor Version Tinstall Tcheck Ttotal Status Flags
r-devel-linux-x86_64-debian-clang 1.0.0 2.55 28.31 30.86 OK
r-devel-linux-x86_64-debian-gcc 1.0.0 2.10 22.37 24.47 OK
r-devel-linux-x86_64-fedora-clang 1.0.0 37.27 OK
r-devel-linux-x86_64-fedora-gcc 1.0.0 37.53 OK
r-devel-windows-ix86+x86_64 1.0.0 8.00 40.00 48.00 OK
r-devel-windows-ix86+x86_64-gcc8 1.0.0 6.00 43.00 49.00 OK
r-patched-linux-x86_64 1.0.0 2.46 27.50 29.96 OK
r-patched-solaris-x86 1.0.0 59.20 OK
r-release-linux-x86_64 1.0.0 1.68 25.58 27.26 NOTE
r-release-windows-ix86+x86_64 1.0.0 5.00 39.00 44.00 OK
r-release-osx-x86_64 1.0.0 OK
r-oldrel-windows-ix86+x86_64 1.0.0 6.00 38.00 44.00 OK
r-oldrel-osx-x86_64 1.0.0 OK

Check Details

Version: 1.0.0
Check: DESCRIPTION meta-information
Result: NOTE
    Dependence on R version ‘3.4.2’ not with patchlevel 0
Flavor: r-release-linux-x86_64