CRAN Package Check Results for Package atlas

Last updated on 2024-05-25 05:52:18 CEST.

Flavor Version Tinstall Tcheck Ttotal Status Flags
r-devel-linux-x86_64-debian-clang 1.0.0 2.07 22.48 24.55 NOTE
r-devel-linux-x86_64-debian-gcc 1.0.0 1.87 18.20 20.07 NOTE
r-devel-linux-x86_64-fedora-clang 1.0.0 33.75 NOTE
r-devel-linux-x86_64-fedora-gcc 1.0.0 30.54 NOTE
r-devel-windows-x86_64 1.0.0 3.00 44.00 47.00 NOTE
r-patched-linux-x86_64 1.0.0 2.18 21.69 23.87 NOTE
r-release-linux-x86_64 1.0.0 2.32 22.35 24.67 NOTE
r-release-macos-arm64 1.0.0 22.00 NOTE
r-release-windows-x86_64 1.0.0 4.00 43.00 47.00 NOTE
r-oldrel-macos-arm64 1.0.0 18.00 NOTE
r-oldrel-macos-x86_64 1.0.0 22.00 NOTE
r-oldrel-windows-x86_64 1.0.0 4.00 43.00 47.00 NOTE

Additional issues

donttest

Check Details

Version: 1.0.0
Check: LazyData
Result: NOTE 'LazyData' is specified without a 'data' directory Flavors: r-devel-linux-x86_64-debian-clang, r-devel-linux-x86_64-debian-gcc, r-devel-linux-x86_64-fedora-clang, r-devel-linux-x86_64-fedora-gcc, r-devel-windows-x86_64, r-patched-linux-x86_64, r-release-linux-x86_64, r-release-macos-arm64, r-release-windows-x86_64, r-oldrel-macos-arm64, r-oldrel-macos-x86_64, r-oldrel-windows-x86_64

Version: 1.0.0
Check: dependencies in R code
Result: NOTE Namespace in Imports field not imported from: ‘testthat’ All declared Imports should be used. Flavors: r-devel-linux-x86_64-fedora-clang, r-devel-linux-x86_64-fedora-gcc