CRAN Package Check Results for Package atmcmc

Last updated on 2019-07-16 07:50:37 CEST.

Flavor Version Tinstall Tcheck Ttotal Status Flags
r-devel-linux-x86_64-debian-clang 1.0 4.50 33.01 37.51 NOTE
r-devel-linux-x86_64-debian-gcc 1.0 4.28 25.19 29.47 NOTE
r-devel-linux-x86_64-fedora-clang 1.0 44.60 NOTE
r-devel-linux-x86_64-fedora-gcc 1.0 44.04 NOTE
r-devel-windows-ix86+x86_64 1.0 7.00 43.00 50.00 NOTE
r-patched-linux-x86_64 1.0 4.84 32.58 37.42 NOTE
r-patched-solaris-x86 1.0 66.10 NOTE
r-release-linux-x86_64 1.0 4.77 32.00 36.77 NOTE
r-release-windows-ix86+x86_64 1.0 8.00 60.00 68.00 NOTE
r-release-osx-x86_64 1.0 NOTE
r-oldrel-windows-ix86+x86_64 1.0 7.00 40.00 47.00 NOTE
r-oldrel-osx-x86_64 1.0 NOTE

Check Details

Version: 1.0
Check: R code for possible problems
Result: NOTE
    atmcmc : rmvtnorm: no visible global function definition for 'rnorm'
    atmcmc: no visible global function definition for 'rnorm'
    atmcmc: no visible global function definition for 'runif'
    atmcmc: no visible global function definition for 'par'
    atmcmc: no visible global function definition for 'lm'
    atmcmc: no visible global function definition for 'lines'
    atmcmc: no visible global function definition for 'var'
    atmcmc: no visible global function definition for 'cov'
    atmcmc: no visible global function definition for 'quantile'
    atmcmc: no visible global function definition for 'sd'
    plotmcmc: no visible global function definition for 'pdf'
    plotmcmc: no visible global function definition for 'par'
    plotmcmc: no visible global function definition for 'dev.new'
    plotmcmc: no visible global function definition for 'png'
    plotmcmc: no visible global function definition for 'hist'
    plotmcmc: no visible global function definition for 'dev.off'
    plotmcmc: no visible global function definition for 'plot'
    plotmcmc: no visible global function definition for 'lines'
    Undefined global functions or variables:
     cov dev.new dev.off hist lines lm par pdf plot png quantile rnorm
     runif sd var
    Consider adding
     importFrom("grDevices", "dev.new", "dev.off", "pdf", "png")
     importFrom("graphics", "hist", "lines", "par", "plot")
     importFrom("stats", "cov", "lm", "quantile", "rnorm", "runif", "sd",
     "var")
    to your NAMESPACE file.
Flavors: r-devel-linux-x86_64-debian-clang, r-devel-linux-x86_64-debian-gcc, r-devel-linux-x86_64-fedora-clang, r-devel-linux-x86_64-fedora-gcc, r-devel-windows-ix86+x86_64, r-patched-linux-x86_64, r-patched-solaris-x86, r-release-linux-x86_64, r-release-windows-ix86+x86_64, r-release-osx-x86_64, r-oldrel-windows-ix86+x86_64, r-oldrel-osx-x86_64