CRAN Package Check Results for Package attrCUSUM

Last updated on 2019-11-19 17:51:19 CET.

Flavor Version Tinstall Tcheck Ttotal Status Flags
r-devel-linux-x86_64-debian-clang 0.1.0 44.43 87.83 132.26 OK
r-devel-linux-x86_64-debian-gcc 0.1.0 31.57 76.42 107.99 OK
r-devel-linux-x86_64-fedora-clang 0.1.0 163.04 NOTE
r-devel-linux-x86_64-fedora-gcc 0.1.0 165.84 NOTE
r-devel-windows-ix86+x86_64 0.1.0 106.00 204.00 310.00 OK
r-devel-windows-ix86+x86_64-gcc8 0.1.0 115.00 158.00 273.00 OK
r-patched-linux-x86_64 0.1.0 31.56 85.61 117.17 OK
r-patched-solaris-x86 0.1.0 343.50 OK
r-release-linux-x86_64 0.1.0 36.63 85.33 121.96 OK
r-release-windows-ix86+x86_64 0.1.0 62.00 194.00 256.00 OK
r-release-osx-x86_64 0.1.0 OK
r-oldrel-windows-ix86+x86_64 0.1.0 91.00 152.00 243.00 OK
r-oldrel-osx-x86_64 0.1.0 OK

Check Details

Version: 0.1.0
Check: compiled code
Result: NOTE
    File ‘attrCUSUM/libs/attrCUSUM.so’:
     Found no calls to: ‘R_registerRoutines’, ‘R_useDynamicSymbols’
    
    It is good practice to register native routines and to disable symbol
    search.
    
    See ‘Writing portable packages’ in the ‘Writing R Extensions’ manual.
Flavors: r-devel-linux-x86_64-fedora-clang, r-devel-linux-x86_64-fedora-gcc