Last updated on 2023-06-03 07:03:33 CEST.
Flavor | Version | Tinstall | Tcheck | Ttotal | Status | Flags |
---|---|---|---|---|---|---|
r-devel-linux-x86_64-debian-clang | 2021.1.2 | 3.30 | 209.25 | 212.55 | OK | |
r-devel-linux-x86_64-debian-gcc | 2021.1.2 | 2.74 | 163.39 | 166.13 | OK | |
r-devel-linux-x86_64-fedora-clang | 2021.1.2 | 253.80 | NOTE | |||
r-devel-linux-x86_64-fedora-gcc | 2021.1.2 | 293.77 | NOTE | |||
r-devel-windows-x86_64 | 2021.1.2 | 6.00 | 165.00 | 171.00 | OK | |
r-patched-linux-x86_64 | 2021.1.2 | OK | ||||
r-release-linux-x86_64 | 2021.1.2 | 3.82 | 210.92 | 214.74 | OK | |
r-release-macos-arm64 | 2021.1.2 | 100.00 | OK | |||
r-release-macos-x86_64 | 2021.1.2 | 150.00 | OK | |||
r-release-windows-x86_64 | 2021.1.2 | 6.00 | 218.00 | 224.00 | OK | |
r-oldrel-macos-arm64 | 2021.1.2 | 78.00 | NOTE | |||
r-oldrel-macos-x86_64 | 2021.1.2 | 130.00 | NOTE | |||
r-oldrel-windows-x86_64 | 2021.1.2 | 6.00 | 217.00 | 223.00 | OK |
Version: 2021.1.2
Check: dependencies in R code
Result: NOTE
Namespaces in Imports field not imported from:
‘dlnm’ ‘ggplot2’ ‘mvmeta’ ‘pbs’ ‘tsModel’
All declared Imports should be used.
Flavors: r-devel-linux-x86_64-fedora-clang, r-devel-linux-x86_64-fedora-gcc
Version: 2021.1.2
Check: dependencies in R code
Result: NOTE
Namespaces in Imports field not imported from:
‘dlnm’ ‘ggplot2’ ‘lubridate’ ‘mvmeta’ ‘pbs’ ‘tsModel’
All declared Imports should be used.
Flavors: r-oldrel-macos-arm64, r-oldrel-macos-x86_64