CRAN Package Check Results for Package attrib

Last updated on 2021-10-23 07:50:10 CEST.

Flavor Version Tinstall Tcheck Ttotal Status Flags
r-devel-linux-x86_64-debian-clang 2021.1.2 3.15 196.16 199.31 OK
r-devel-linux-x86_64-debian-gcc 2021.1.2 2.77 158.25 161.02 OK
r-devel-linux-x86_64-fedora-clang 2021.1.2 250.00 NOTE
r-devel-linux-x86_64-fedora-gcc 2021.1.2 245.48 NOTE
r-devel-windows-x86_64 2021.1.2 6.00 247.00 253.00 OK
r-devel-windows-x86_64-gcc10-UCRT 2021.1.2 NOTE
r-patched-linux-x86_64 2021.1.2 3.31 191.31 194.62 OK
r-patched-solaris-x86 2021.1.2 339.50 NOTE
r-release-linux-x86_64 2021.1.2 2.89 208.60 211.49 OK
r-release-macos-arm64 2021.1.2 NOTE
r-release-macos-x86_64 2021.1.2 NOTE
r-release-windows-ix86+x86_64 2021.1.2 6.00 210.00 216.00 OK
r-oldrel-macos-x86_64 2021.1.2 NOTE
r-oldrel-windows-ix86+x86_64 2021.1.2 10.00 251.00 261.00 OK

Check Details

Version: 2021.1.2
Check: dependencies in R code
Result: NOTE
    Namespaces in Imports field not imported from:
     ‘dlnm’ ‘ggplot2’ ‘lubridate’ ‘mvmeta’ ‘pbs’ ‘tsModel’
     All declared Imports should be used.
Flavors: r-devel-linux-x86_64-fedora-clang, r-devel-linux-x86_64-fedora-gcc, r-devel-windows-x86_64-gcc10-UCRT, r-patched-solaris-x86, r-release-macos-arm64, r-release-macos-x86_64, r-oldrel-macos-x86_64