CRAN Package Check Results for Package atus

Last updated on 2020-11-30 18:51:10 CET.

Flavor Version Tinstall Tcheck Ttotal Status Flags
r-devel-linux-x86_64-debian-clang 0.2 9.12 23.76 32.88 OK
r-devel-linux-x86_64-debian-gcc 0.2 7.17 19.71 26.88 OK
r-devel-linux-x86_64-fedora-clang 0.2 46.91 NOTE
r-devel-linux-x86_64-fedora-gcc 0.2 36.87 OK
r-devel-windows-ix86+x86_64 0.2 13.00 36.00 49.00 NOTE
r-patched-linux-x86_64 0.2 9.16 24.36 33.52 OK
r-patched-solaris-x86 0.2 61.80 NOTE
r-release-linux-x86_64 0.2 9.01 23.77 32.78 OK
r-release-macos-x86_64 0.2 NOTE
r-release-windows-ix86+x86_64 0.2 13.00 34.00 47.00 NOTE
r-oldrel-macos-x86_64 0.2 NOTE
r-oldrel-windows-ix86+x86_64 0.2 12.00 44.00 56.00 NOTE

Check Details

Version: 0.2
Check: installed package size
Result: NOTE
     installed size is 9.7Mb
     sub-directories of 1Mb or more:
     data 9.6Mb
Flavors: r-devel-linux-x86_64-fedora-clang, r-devel-windows-ix86+x86_64, r-patched-solaris-x86, r-release-macos-x86_64, r-release-windows-ix86+x86_64, r-oldrel-macos-x86_64, r-oldrel-windows-ix86+x86_64