CRAN Package Check Results for Package auctestr

Last updated on 2019-06-19 19:46:28 CEST.

Flavor Version Tinstall Tcheck Ttotal Status Flags
r-devel-linux-x86_64-debian-clang 1.0.0 3.37 33.63 37.00 OK
r-devel-linux-x86_64-debian-gcc 1.0.0 2.73 26.99 29.72 OK
r-devel-linux-x86_64-fedora-clang 1.0.0 44.92 NOTE
r-devel-linux-x86_64-fedora-gcc 1.0.0 43.22 NOTE
r-devel-windows-ix86+x86_64 1.0.0 14.00 68.00 82.00 OK
r-patched-linux-x86_64 1.0.0 3.10 32.98 36.08 OK
r-patched-solaris-x86 1.0.0 70.90 NOTE
r-release-linux-x86_64 1.0.0 3.77 33.24 37.01 OK
r-release-windows-ix86+x86_64 1.0.0 14.00 69.00 83.00 OK
r-release-osx-x86_64 1.0.0 NOTE
r-oldrel-windows-ix86+x86_64 1.0.0 4.00 66.00 70.00 OK
r-oldrel-osx-x86_64 1.0.0 NOTE

Check Details

Version: 1.0.0
Check: dependencies in R code
Result: NOTE
    Namespace in Imports field not imported from: ‘tidyr’
     All declared Imports should be used.
Flavors: r-devel-linux-x86_64-fedora-clang, r-devel-linux-x86_64-fedora-gcc, r-patched-solaris-x86, r-release-osx-x86_64, r-oldrel-osx-x86_64