CRAN Package Check Results for Package auctestr

Last updated on 2020-10-29 11:49:53 CET.

Flavor Version Tinstall Tcheck Ttotal Status Flags
r-devel-linux-x86_64-debian-clang 1.0.0 3.45 38.85 42.30 OK
r-devel-linux-x86_64-debian-gcc 1.0.0 2.87 29.61 32.48 OK
r-devel-linux-x86_64-fedora-clang 1.0.0 60.51 NOTE
r-devel-linux-x86_64-fedora-gcc 1.0.0 50.97 NOTE
r-devel-windows-ix86+x86_64 1.0.0 9.00 54.00 63.00 OK
r-patched-linux-x86_64 1.0.0 4.10 36.54 40.64 OK
r-patched-solaris-x86 1.0.0 77.00 NOTE
r-release-linux-x86_64 1.0.0 3.79 36.73 40.52 OK
r-release-macos-x86_64 1.0.0 NOTE
r-release-windows-ix86+x86_64 1.0.0 11.00 57.00 68.00 OK
r-oldrel-macos-x86_64 1.0.0 NOTE
r-oldrel-windows-ix86+x86_64 1.0.0 7.00 56.00 63.00 OK

Check Details

Version: 1.0.0
Check: dependencies in R code
Result: NOTE
    Namespace in Imports field not imported from: ‘tidyr’
     All declared Imports should be used.
Flavors: r-devel-linux-x86_64-fedora-clang, r-devel-linux-x86_64-fedora-gcc, r-patched-solaris-x86, r-release-macos-x86_64, r-oldrel-macos-x86_64