CRAN Package Check Results for Package auctestr

Last updated on 2019-03-21 22:50:49 CET.

Flavor Version Tinstall Tcheck Ttotal Status Flags
r-devel-linux-x86_64-debian-clang 1.0.0 3.42 34.16 37.58 OK
r-devel-linux-x86_64-debian-gcc 1.0.0 2.76 26.18 28.94 OK
r-devel-linux-x86_64-fedora-clang 1.0.0 44.81 NOTE
r-devel-linux-x86_64-fedora-gcc 1.0.0 42.33 NOTE
r-devel-windows-ix86+x86_64 1.0.0 10.00 79.00 89.00 OK
r-patched-linux-x86_64 1.0.0 2.23 31.03 33.26 NOTE
r-patched-solaris-x86 1.0.0 62.90 NOTE
r-release-linux-x86_64 1.0.0 1.40 31.11 32.51 NOTE
r-release-windows-ix86+x86_64 1.0.0 5.00 81.00 86.00 OK
r-release-osx-x86_64 1.0.0 NOTE
r-oldrel-windows-ix86+x86_64 1.0.0 9.00 65.00 74.00 OK
r-oldrel-osx-x86_64 1.0.0 NOTE

Check Details

Version: 1.0.0
Check: dependencies in R code
Result: NOTE
    Namespace in Imports field not imported from: ‘tidyr’
     All declared Imports should be used.
Flavors: r-devel-linux-x86_64-fedora-clang, r-devel-linux-x86_64-fedora-gcc, r-patched-solaris-x86, r-release-osx-x86_64, r-oldrel-osx-x86_64

Version: 1.0.0
Check: DESCRIPTION meta-information
Result: NOTE
    Dependence on R version ‘3.3.1’ not with patchlevel 0
Flavors: r-patched-linux-x86_64, r-release-linux-x86_64