Last updated on 2022-05-29 04:57:59 CEST.
Flavor | Version | Tinstall | Tcheck | Ttotal | Status | Flags |
---|---|---|---|---|---|---|
r-devel-linux-x86_64-debian-clang | 0.1.0 | 1.98 | 374.27 | 376.25 | NOTE | |
r-devel-linux-x86_64-debian-gcc | 0.1.0 | 1.82 | 251.07 | 252.89 | NOTE | |
r-devel-linux-x86_64-fedora-clang | 0.1.0 | 451.96 | NOTE | |||
r-devel-linux-x86_64-fedora-gcc | 0.1.0 | 432.45 | NOTE | |||
r-devel-windows-x86_64 | 0.1.0 | 17.00 | 363.00 | 380.00 | NOTE | |
r-patched-linux-x86_64 | 0.1.0 | 2.53 | 362.84 | 365.37 | NOTE | |
r-release-linux-x86_64 | 0.1.0 | 2.43 | 354.35 | 356.78 | NOTE | |
r-release-macos-arm64 | 0.1.0 | 89.00 | NOTE | |||
r-release-macos-x86_64 | 0.1.0 | 128.00 | NOTE | |||
r-release-windows-x86_64 | 0.1.0 | 20.00 | 363.00 | 383.00 | NOTE | |
r-oldrel-macos-arm64 | 0.1.0 | 104.00 | NOTE | |||
r-oldrel-macos-x86_64 | 0.1.0 | 182.00 | NOTE | |||
r-oldrel-windows-ix86+x86_64 | 0.1.0 | 7.00 | 435.00 | 442.00 | NOTE |
Version: 0.1.0
Check: LazyData
Result: NOTE
'LazyData' is specified without a 'data' directory
Flavors: r-devel-linux-x86_64-debian-clang, r-devel-linux-x86_64-debian-gcc, r-devel-linux-x86_64-fedora-clang, r-devel-linux-x86_64-fedora-gcc, r-devel-windows-x86_64, r-patched-linux-x86_64, r-release-linux-x86_64, r-release-macos-arm64, r-release-macos-x86_64, r-release-windows-x86_64, r-oldrel-macos-arm64, r-oldrel-macos-x86_64, r-oldrel-windows-ix86+x86_64