Last updated on 2023-11-30 22:58:52 CET.
Flavor | Version | Tinstall | Tcheck | Ttotal | Status | Flags |
---|---|---|---|---|---|---|
r-devel-linux-x86_64-debian-clang | 0.7.0 | 6.70 | 97.53 | 104.23 | OK | |
r-devel-linux-x86_64-debian-gcc | 0.7.0 | 5.61 | 75.28 | 80.89 | OK | |
r-devel-linux-x86_64-fedora-clang | 0.7.0 | 128.93 | OK | |||
r-devel-linux-x86_64-fedora-gcc | 0.7.0 | 145.92 | OK | |||
r-devel-windows-x86_64 | 0.7.0 | 8.00 | 113.00 | 121.00 | OK | |
r-patched-linux-x86_64 | 0.7.0 | 11.28 | 92.52 | 103.80 | OK | |
r-release-linux-x86_64 | 0.7.0 | 6.42 | 93.85 | 100.27 | OK | |
r-release-macos-arm64 | 0.7.0 | 49.00 | OK | |||
r-release-macos-x86_64 | 0.7.0 | 119.00 | OK | |||
r-release-windows-x86_64 | 0.7.0 | 10.00 | 131.00 | 141.00 | OK | |
r-oldrel-macos-arm64 | 0.7.0 | 49.00 | OK | |||
r-oldrel-macos-x86_64 | 0.6.0 | 59.00 | NOTE | |||
r-oldrel-windows-x86_64 | 0.7.0 | 10.00 | 120.00 | 130.00 | OK |
Version: 0.6.0
Check: data for non-ASCII characters
Result: NOTE
Note: found 552 marked UTF-8 strings
Flavor: r-oldrel-macos-x86_64