Last updated on 2023-06-01 17:54:58 CEST.
Flavor | Version | Tinstall | Tcheck | Ttotal | Status | Flags |
---|---|---|---|---|---|---|
r-devel-linux-x86_64-debian-clang | 0.6.0 | 7.14 | 101.23 | 108.37 | OK | |
r-devel-linux-x86_64-debian-gcc | 0.6.0 | 5.34 | 78.41 | 83.75 | OK | |
r-devel-linux-x86_64-fedora-clang | 0.6.0 | 134.87 | NOTE | |||
r-devel-linux-x86_64-fedora-gcc | 0.6.0 | 142.13 | NOTE | |||
r-devel-windows-x86_64 | 0.6.0 | 8.00 | 111.00 | 119.00 | OK | |
r-patched-linux-x86_64 | 0.6.0 | OK | ||||
r-release-linux-x86_64 | 0.6.0 | 6.65 | 97.36 | 104.01 | OK | |
r-release-macos-arm64 | 0.6.0 | 54.00 | OK | |||
r-release-macos-x86_64 | 0.6.0 | 77.00 | OK | |||
r-release-windows-x86_64 | 0.6.0 | 9.00 | 127.00 | 136.00 | OK | |
r-oldrel-macos-arm64 | 0.6.0 | 48.00 | NOTE | |||
r-oldrel-macos-x86_64 | 0.6.0 | 59.00 | NOTE | |||
r-oldrel-windows-x86_64 | 0.6.0 | 9.00 | 120.00 | 129.00 | OK |
Version: 0.6.0
Check: data for non-ASCII characters
Result: NOTE
Note: found 552 marked UTF-8 strings
Flavors: r-devel-linux-x86_64-fedora-clang, r-devel-linux-x86_64-fedora-gcc, r-oldrel-macos-arm64, r-oldrel-macos-x86_64