CRAN Package Check Results for Package aurelius

Last updated on 2019-05-22 18:51:33 CEST.

Flavor Version Tinstall Tcheck Ttotal Status Flags
r-devel-linux-x86_64-debian-clang 0.8.4 10.61 86.86 97.47 OK
r-devel-linux-x86_64-debian-gcc 0.8.4 9.15 71.15 80.30 OK
r-devel-linux-x86_64-fedora-clang 0.8.4 111.91 OK
r-devel-linux-x86_64-fedora-gcc 0.8.4 115.41 OK
r-devel-windows-ix86+x86_64 0.8.4 17.00 111.00 128.00 NOTE
r-patched-linux-x86_64 0.8.4 11.18 86.28 97.46 OK
r-patched-solaris-x86 0.8.4 191.20 OK
r-release-linux-x86_64 0.8.4 9.75 87.28 97.03 OK
r-release-windows-ix86+x86_64 0.8.4 25.00 152.00 177.00 NOTE
r-release-osx-x86_64 0.8.4 OK
r-oldrel-windows-ix86+x86_64 0.8.4 12.00 98.00 110.00 NOTE
r-oldrel-osx-x86_64 0.8.4 OK

Check Details

Version: 0.8.4
Check: package dependencies
Result: NOTE
    Package which this enhances but not available for checking: 'rPython'
Flavors: r-devel-windows-ix86+x86_64, r-release-windows-ix86+x86_64, r-oldrel-windows-ix86+x86_64