CRAN Package Check Results for Package aurelius

Last updated on 2019-03-19 00:47:43 CET.

Flavor Version Tinstall Tcheck Ttotal Status Flags
r-devel-linux-x86_64-debian-clang 0.8.4 12.17 89.00 101.17 OK
r-devel-linux-x86_64-debian-gcc 0.8.4 8.72 71.13 79.85 OK
r-devel-linux-x86_64-fedora-clang 0.8.4 118.68 OK
r-devel-linux-x86_64-fedora-gcc 0.8.4 116.73 OK
r-devel-windows-ix86+x86_64 0.8.4 25.00 134.00 159.00 NOTE
r-patched-linux-x86_64 0.8.4 7.49 85.81 93.30 OK
r-patched-solaris-x86 0.8.4 165.20 OK
r-release-linux-x86_64 0.8.4 7.52 83.45 90.97 OK
r-release-windows-ix86+x86_64 0.8.4 15.00 148.00 163.00 NOTE
r-release-osx-x86_64 0.8.4 OK
r-oldrel-windows-ix86+x86_64 0.8.4 10.00 140.00 150.00 NOTE
r-oldrel-osx-x86_64 0.8.4 OK

Check Details

Version: 0.8.4
Check: package dependencies
Result: NOTE
    Package which this enhances but not available for checking: 'rPython'
Flavors: r-devel-windows-ix86+x86_64, r-release-windows-ix86+x86_64, r-oldrel-windows-ix86+x86_64