CRAN Package Check Results for Package auto.pca

Last updated on 2020-07-13 13:48:27 CEST.

Flavor Version Tinstall Tcheck Ttotal Status Flags
r-devel-linux-x86_64-debian-clang 0.3 2.32 26.78 29.10 OK
r-devel-linux-x86_64-debian-gcc 0.3 2.23 20.97 23.20 OK
r-devel-linux-x86_64-fedora-clang 0.3 44.20 OK
r-devel-linux-x86_64-fedora-gcc 0.3 34.76 OK
r-devel-windows-ix86+x86_64 0.3 9.00 52.00 61.00 OK
r-patched-linux-x86_64 0.3 2.74 26.29 29.03 OK
r-patched-solaris-x86 0.3 55.60 OK
r-release-linux-x86_64 0.3 2.79 26.32 29.11 OK
r-release-macos-x86_64 0.3 ERROR
r-release-windows-ix86+x86_64 0.3 11.00 53.00 64.00 OK
r-oldrel-macos-x86_64 0.3 OK
r-oldrel-windows-ix86+x86_64 0.3 9.00 37.00 46.00 OK

Check Details

Version: 0.3
Check: whether package can be installed
Result: ERROR
    Installation failed.
Flavor: r-release-macos-x86_64