Last updated on 2023-05-28 17:55:17 CEST.
Flavor | Version | Tinstall | Tcheck | Ttotal | Status | Flags |
---|---|---|---|---|---|---|
r-devel-linux-x86_64-debian-clang | 0.9.1 | 53.46 | 465.99 | 519.45 | OK | |
r-devel-linux-x86_64-debian-gcc | 0.9.1 | 47.22 | 355.78 | 403.00 | OK | |
r-devel-linux-x86_64-fedora-clang | 0.9.1 | 718.04 | OK | |||
r-devel-linux-x86_64-fedora-gcc | 0.9.1 | 690.14 | OK | |||
r-devel-windows-x86_64 | 0.9.1 | 56.00 | 331.00 | 387.00 | OK | |
r-patched-linux-x86_64 | 0.9.1 | 46.44 | 450.77 | 497.21 | OK | |
r-release-linux-x86_64 | 0.9.1 | 38.88 | 451.33 | 490.21 | OK | |
r-release-macos-arm64 | 0.9.1 | 5.00 | ERROR | |||
r-release-macos-x86_64 | 0.9.1 | 7.00 | ERROR | |||
r-release-windows-x86_64 | 0.9.1 | 69.00 | 442.00 | 511.00 | OK | |
r-oldrel-macos-arm64 | 0.9.1 | 174.00 | OK | |||
r-oldrel-macos-x86_64 | 0.9.1 | 269.00 | OK | |||
r-oldrel-windows-x86_64 | 0.9.1 | 67.00 | 424.00 | 491.00 | OK |
Version: 0.9.1
Check: package dependencies
Result: ERROR
Package required but not available: ‘GSVA’
See section ‘The DESCRIPTION file’ in the ‘Writing R Extensions’
manual.
Flavors: r-release-macos-arm64, r-release-macos-x86_64