Last updated on 2023-09-26 18:06:52 CEST.
Flavor | Version | Tinstall | Tcheck | Ttotal | Status | Flags |
---|---|---|---|---|---|---|
r-devel-linux-x86_64-debian-clang | 0.9.1 | 54.84 | 478.71 | 533.55 | OK | |
r-devel-linux-x86_64-debian-gcc | 0.9.1 | 48.49 | 357.27 | 405.76 | OK | |
r-devel-linux-x86_64-fedora-clang | 0.9.1 | 664.33 | OK | |||
r-devel-linux-x86_64-fedora-gcc | 0.9.1 | 715.15 | OK | |||
r-devel-windows-x86_64 | 0.9.1 | 55.00 | 325.00 | 380.00 | OK | |
r-patched-linux-x86_64 | 0.9.1 | 38.03 | 452.93 | 490.96 | OK | |
r-release-linux-x86_64 | 0.9.1 | 40.90 | 447.87 | 488.77 | OK | |
r-release-macos-arm64 | 0.9.1 | 6.00 | ERROR | |||
r-release-macos-x86_64 | 0.9.1 | 8.00 | ERROR | |||
r-release-windows-x86_64 | 0.9.1 | 71.00 | 432.00 | 503.00 | OK | |
r-oldrel-macos-arm64 | 0.9.1 | 174.00 | OK | |||
r-oldrel-macos-x86_64 | 0.9.1 | 269.00 | OK | |||
r-oldrel-windows-x86_64 | 0.9.1 | 70.00 | 424.00 | 494.00 | OK |
Version: 0.9.1
Check: package dependencies
Result: ERROR
Package required but not available: ‘GSVA’
See section ‘The DESCRIPTION file’ in the ‘Writing R Extensions’
manual.
Flavors: r-release-macos-arm64, r-release-macos-x86_64