CRAN Package Check Results for Package autoMFA

Last updated on 2022-06-28 11:49:37 CEST.

Flavor Version Tinstall Tcheck Ttotal Status Flags
r-devel-linux-x86_64-debian-clang 1.0.0 8.49 77.03 85.52 OK
r-devel-linux-x86_64-debian-gcc 1.0.0 5.85 54.39 60.24 OK
r-devel-linux-x86_64-fedora-clang 1.0.0 107.02 NOTE
r-devel-linux-x86_64-fedora-gcc 1.0.0 108.10 NOTE
r-devel-windows-x86_64 1.0.0 20.00 92.00 112.00 OK
r-patched-linux-x86_64 1.0.0 7.88 71.18 79.06 OK
r-release-linux-x86_64 1.0.0 8.77 70.21 78.98 OK
r-release-macos-arm64 1.0.0 31.00 NOTE
r-release-macos-x86_64 1.0.0 40.00 NOTE
r-release-windows-x86_64 1.0.0 20.00 92.00 112.00 OK
r-oldrel-macos-arm64 1.0.0 35.00 NOTE
r-oldrel-macos-x86_64 1.0.0 42.00 NOTE
r-oldrel-windows-ix86+x86_64 1.0.0 15.00 94.00 109.00 OK

Check Details

Version: 1.0.0
Check: dependencies in R code
Result: NOTE
    Namespace in Imports field not imported from: ‘usethis’
     All declared Imports should be used.
Flavors: r-devel-linux-x86_64-fedora-clang, r-devel-linux-x86_64-fedora-gcc, r-release-macos-arm64, r-release-macos-x86_64, r-oldrel-macos-arm64, r-oldrel-macos-x86_64