CRAN Package Check Results for Package autoMrP

Last updated on 2022-01-16 22:51:05 CET.

Flavor Version Tinstall Tcheck Ttotal Status Flags
r-devel-linux-x86_64-debian-clang 1.0.0 7.38 82.36 89.74 OK
r-devel-linux-x86_64-debian-gcc 1.0.0 6.66 66.90 73.56 OK
r-devel-linux-x86_64-fedora-clang 1.0.0 111.59 NOTE
r-devel-linux-x86_64-fedora-gcc 1.0.0 97.51 NOTE
r-devel-windows-x86_64-new-UL 1.0.0 55.00 101.00 156.00 OK
r-devel-windows-x86_64-new-TK 1.0.0 ERROR
r-patched-linux-x86_64 1.0.0 9.57 78.32 87.89 OK
r-release-linux-x86_64 1.0.0 OK
r-release-macos-arm64 1.0.0 NOTE
r-release-macos-x86_64 1.0.0 NOTE
r-release-windows-ix86+x86_64 1.0.0 23.00 89.00 112.00 OK
r-oldrel-macos-x86_64 0.99 OK
r-oldrel-windows-ix86+x86_64 1.0.0 22.00 90.00 112.00 OK

Check Details

Version: 1.0.0
Check: dependencies in R code
Result: NOTE
    Namespace in Imports field not imported from: ‘R.rsp’
     All declared Imports should be used.
Flavors: r-devel-linux-x86_64-fedora-clang, r-devel-linux-x86_64-fedora-gcc, r-release-macos-arm64, r-release-macos-x86_64

Version: 1.0.0
Check: package dependencies
Result: ERROR
    Package required but not available: 'lme4'
    
    See section 'The DESCRIPTION file' in the 'Writing R Extensions'
    manual.
Flavor: r-devel-windows-x86_64-new-TK