CRAN Package Check Results for Package autoMrP

Last updated on 2023-03-24 19:49:41 CET.

Flavor Version Tinstall Tcheck Ttotal Status Flags
r-devel-linux-x86_64-debian-clang 1.0.2 9.80 80.60 90.40 OK
r-devel-linux-x86_64-debian-gcc 1.0.2 7.89 61.19 69.08 OK
r-devel-linux-x86_64-fedora-clang 1.0.2 112.93 NOTE
r-devel-linux-x86_64-fedora-gcc 1.0.2 115.71 NOTE
r-devel-windows-x86_64 1.0.2 38.00 122.00 160.00 OK
r-patched-linux-x86_64 1.0.2 8.68 71.21 79.89 OK
r-release-linux-x86_64 1.0.2 8.85 71.06 79.91 OK
r-release-macos-arm64 1.0.2 35.00 NOTE
r-release-macos-x86_64 1.0.2 60.00 NOTE
r-release-windows-x86_64 1.0.2 49.00 111.00 160.00 OK
r-oldrel-macos-arm64 1.0.2 35.00 NOTE
r-oldrel-macos-x86_64 1.0.2 43.00 NOTE
r-oldrel-windows-ix86+x86_64 1.0.2 21.00 136.00 157.00 OK

Additional issues

donttest

Check Details

Version: 1.0.2
Check: dependencies in R code
Result: NOTE
    Namespace in Imports field not imported from: ‘R.rsp’
     All declared Imports should be used.
Flavors: r-devel-linux-x86_64-fedora-clang, r-devel-linux-x86_64-fedora-gcc, r-release-macos-arm64, r-release-macos-x86_64, r-oldrel-macos-arm64, r-oldrel-macos-x86_64