CRAN Package Check Results for Package autocart

Last updated on 2021-12-06 02:48:21 CET.

Flavor Version Tinstall Tcheck Ttotal Status Flags
r-devel-linux-x86_64-debian-clang 1.4.5 89.28 366.50 455.78 NOTE
r-devel-linux-x86_64-debian-gcc 1.4.5 66.71 220.76 287.47 NOTE
r-devel-linux-x86_64-fedora-clang 1.4.5 621.54 NOTE
r-devel-linux-x86_64-fedora-gcc 1.4.5 887.97 NOTE
r-devel-windows-x86_64-new-UL 1.4.5 117.00 220.00 337.00 NOTE
r-devel-windows-x86_64-new-TK 1.4.5 NOTE
r-devel-windows-x86_64-old 1.4.5 120.00 180.00 300.00 NOTE
r-patched-linux-x86_64 1.4.5 85.58 372.47 458.05 NOTE
r-release-linux-x86_64 1.4.5 80.88 272.66 353.54 NOTE
r-release-macos-arm64 1.4.5 FAIL
r-release-macos-x86_64 1.4.5 WARN
r-release-windows-ix86+x86_64 1.4.5 226.00 251.00 477.00 NOTE
r-oldrel-macos-x86_64 1.4.5 WARN
r-oldrel-windows-ix86+x86_64 1.4.5 227.00 235.00 462.00 NOTE

Check Details

Version: 1.4.5
Check: for GNU extensions in Makefiles
Result: NOTE
    GNU make is a SystemRequirements.
Flavors: r-devel-linux-x86_64-debian-clang, r-devel-linux-x86_64-debian-gcc, r-devel-linux-x86_64-fedora-clang, r-devel-linux-x86_64-fedora-gcc, r-devel-windows-x86_64-new-UL, r-devel-windows-x86_64-new-TK, r-devel-windows-x86_64-old, r-patched-linux-x86_64, r-release-linux-x86_64, r-release-macos-arm64, r-release-macos-x86_64, r-release-windows-ix86+x86_64, r-oldrel-macos-x86_64, r-oldrel-windows-ix86+x86_64

Version: 1.4.5
Check: installed package size
Result: NOTE
     installed size is 5.1Mb
     sub-directories of 1Mb or more:
     libs 4.9Mb
Flavor: r-release-macos-arm64

Version: 1.4.5
Check: re-building of vignette outputs
Result: FAIL
Flavor: r-release-macos-arm64

Version: 1.4.5
Check: re-building of vignette outputs
Result: WARN
    Error(s) in re-building vignettes:
    --- re-building ‘autocart-intro.Rmd’ using rmarkdown
    Warning in engine$weave(file, quiet = quiet, encoding = enc) :
     Pandoc (>= 1.12.3) not available. Falling back to R Markdown v1.
    Loading required package: fields
    Loading required package: spam
    Loading required package: dotCall64
    Loading required package: grid
    Spam version 2.6-0 (2020-12-14) is loaded.
    Type 'help( Spam)' or 'demo( spam)' for a short introduction
    and overview of this package.
    Help for individual functions is also obtained by adding the
    suffix '.spam' to the function name, e.g. 'help( chol.spam)'.
    
    Attaching package: 'spam'
    
    The following objects are masked from 'package:base':
    
     backsolve, forwardsolve
    
    Loading required package: viridis
    Loading required package: viridisLite
    See https://github.com/NCAR/Fields for
     an extensive vignette, other supplements and source code
    Loading required package: mgcv
    Loading required package: nlme
    This is mgcv 1.8-35. For overview type 'help("mgcv-package")'.
Flavors: r-release-macos-x86_64, r-oldrel-macos-x86_64