CRAN Package Check Results for Package automagic

Last updated on 2024-02-25 02:56:02 CET.

Flavor Version Tinstall Tcheck Ttotal Status Flags
r-devel-linux-x86_64-debian-clang 0.5.1 2.24 24.49 26.73 NOTE
r-devel-linux-x86_64-debian-gcc 0.5.1 1.83 19.17 21.00 NOTE
r-devel-linux-x86_64-fedora-clang 0.5.1 34.03 NOTE
r-devel-linux-x86_64-fedora-gcc 0.5.1 32.16 NOTE
r-devel-windows-x86_64 0.5.1 3.00 42.00 45.00 NOTE
r-patched-linux-x86_64 0.5.1 2.04 23.95 25.99 NOTE
r-release-linux-x86_64 0.5.1 2.39 23.96 26.35 NOTE
r-release-macos-arm64 0.5.1 15.00 NOTE
r-release-macos-x86_64 0.5.1 20.00 NOTE
r-release-windows-x86_64 0.5.1 4.00 43.00 47.00 NOTE
r-oldrel-macos-arm64 0.5.1 14.00 NOTE
r-oldrel-windows-x86_64 0.5.1 3.00 43.00 46.00 NOTE

Check Details

Version: 0.5.1
Check: LazyData
Result: NOTE 'LazyData' is specified without a 'data' directory Flavors: r-devel-linux-x86_64-debian-clang, r-devel-linux-x86_64-debian-gcc, r-devel-linux-x86_64-fedora-clang, r-devel-linux-x86_64-fedora-gcc, r-devel-windows-x86_64, r-patched-linux-x86_64, r-release-linux-x86_64, r-release-macos-arm64, r-release-macos-x86_64, r-release-windows-x86_64, r-oldrel-macos-arm64, r-oldrel-windows-x86_64