CRAN Package Check Results for Package automl

Last updated on 2022-08-19 07:49:45 CEST.

Flavor Version Tinstall Tcheck Ttotal Status Flags
r-devel-linux-x86_64-debian-clang 1.3.2 3.86 42.46 46.32 NOTE
r-devel-linux-x86_64-debian-gcc 1.3.2 3.59 33.04 36.63 NOTE
r-devel-linux-x86_64-fedora-clang 1.3.2 68.03 NOTE
r-devel-linux-x86_64-fedora-gcc 1.3.2 67.02 NOTE
r-devel-windows-x86_64 1.3.2 15.00 73.00 88.00 NOTE
r-patched-linux-x86_64 1.3.2 4.55 42.25 46.80 NOTE
r-release-linux-x86_64 1.3.2 NOTE
r-release-macos-arm64 1.3.2 22.00 NOTE
r-release-macos-x86_64 1.3.2 33.00 NOTE
r-release-windows-x86_64 1.3.2 9.00 72.00 81.00 NOTE
r-oldrel-macos-arm64 1.3.2 25.00 NOTE
r-oldrel-macos-x86_64 1.3.2 41.00 NOTE
r-oldrel-windows-ix86+x86_64 1.3.2 9.00 55.00 64.00 NOTE

Check Details

Version: 1.3.2
Check: LazyData
Result: NOTE
     'LazyData' is specified without a 'data' directory
Flavors: r-devel-linux-x86_64-debian-clang, r-devel-linux-x86_64-debian-gcc, r-devel-linux-x86_64-fedora-clang, r-devel-linux-x86_64-fedora-gcc, r-devel-windows-x86_64, r-patched-linux-x86_64, r-release-linux-x86_64, r-release-macos-arm64, r-release-macos-x86_64, r-release-windows-x86_64, r-oldrel-macos-arm64, r-oldrel-macos-x86_64, r-oldrel-windows-ix86+x86_64