CRAN Package Check Results for Package automl

Last updated on 2021-05-09 19:48:37 CEST.

Flavor Version Tinstall Tcheck Ttotal Status Flags
r-devel-linux-x86_64-debian-clang 1.3.2 4.37 42.07 46.44 NOTE
r-devel-linux-x86_64-debian-gcc 1.3.2 3.67 31.87 35.54 NOTE
r-devel-linux-x86_64-fedora-clang 1.3.2 66.76 NOTE
r-devel-linux-x86_64-fedora-gcc 1.3.2 56.21 NOTE
r-devel-windows-ix86+x86_64 1.3.2 7.00 55.00 62.00 NOTE
r-devel-windows-x86_64-gcc10-UCRT 1.3.2 NOTE
r-patched-linux-x86_64 1.3.2 4.42 40.82 45.24 NOTE
r-patched-solaris-x86 1.3.2 80.40 OK
r-release-linux-x86_64 1.3.2 4.23 39.93 44.16 OK
r-release-macos-x86_64 1.3.2 OK
r-release-windows-ix86+x86_64 1.3.2 10.00 55.00 65.00 OK
r-oldrel-macos-x86_64 1.3.2 OK
r-oldrel-windows-ix86+x86_64 1.3.2 9.00 69.00 78.00 OK

Check Details

Version: 1.3.2
Check: LazyData
Result: NOTE
     'LazyData' is specified without a 'data' directory
Flavors: r-devel-linux-x86_64-debian-clang, r-devel-linux-x86_64-debian-gcc, r-devel-linux-x86_64-fedora-clang, r-devel-linux-x86_64-fedora-gcc, r-devel-windows-ix86+x86_64, r-devel-windows-x86_64-gcc10-UCRT, r-patched-linux-x86_64