CRAN Package Check Results for Package automl

Last updated on 2022-12-04 13:51:19 CET.

Flavor Version Tinstall Tcheck Ttotal Status Flags
r-devel-linux-x86_64-debian-clang 1.3.2 3.96 44.01 47.97 NOTE
r-devel-linux-x86_64-debian-gcc 1.3.2 3.55 33.14 36.69 NOTE
r-devel-linux-x86_64-fedora-clang 1.3.2 71.70 NOTE
r-devel-linux-x86_64-fedora-gcc 1.3.2 68.85 NOTE
r-devel-windows-x86_64 1.3.2 23.00 76.00 99.00 NOTE
r-patched-linux-x86_64 1.3.2 4.36 42.30 46.66 NOTE
r-release-linux-x86_64 1.3.2 5.70 41.84 47.54 NOTE
r-release-macos-arm64 1.3.2 22.00 NOTE
r-release-macos-x86_64 1.3.2 33.00 NOTE
r-release-windows-x86_64 1.3.2 9.00 72.00 81.00 NOTE
r-oldrel-macos-arm64 1.3.2 25.00 NOTE
r-oldrel-macos-x86_64 1.3.2 41.00 NOTE
r-oldrel-windows-ix86+x86_64 1.3.2 9.00 55.00 64.00 NOTE

Check Details

Version: 1.3.2
Check: LazyData
Result: NOTE
     'LazyData' is specified without a 'data' directory
Flavors: r-devel-linux-x86_64-debian-clang, r-devel-linux-x86_64-debian-gcc, r-devel-linux-x86_64-fedora-clang, r-devel-linux-x86_64-fedora-gcc, r-devel-windows-x86_64, r-patched-linux-x86_64, r-release-linux-x86_64, r-release-macos-arm64, r-release-macos-x86_64, r-release-windows-x86_64, r-oldrel-macos-arm64, r-oldrel-macos-x86_64, r-oldrel-windows-ix86+x86_64