Last updated on 2025-01-18 23:48:18 CET.
Flavor | Version | Tinstall | Tcheck | Ttotal | Status | Flags |
---|---|---|---|---|---|---|
r-devel-linux-x86_64-debian-clang | 0.2.2 | 23.11 | 539.60 | 562.71 | OK | |
r-devel-linux-x86_64-debian-gcc | 0.2.3 | 14.91 | 334.28 | 349.19 | OK | |
r-devel-linux-x86_64-fedora-clang | 0.2.3 | 974.74 | OK | |||
r-devel-linux-x86_64-fedora-gcc | 0.2.3 | 920.03 | OK | |||
r-devel-windows-x86_64 | 0.2.2 | 23.00 | 476.00 | 499.00 | OK | |
r-patched-linux-x86_64 | 0.2.3 | 18.62 | 492.41 | 511.03 | OK | |
r-release-linux-x86_64 | 0.2.2 | 19.21 | 497.94 | 517.15 | OK | |
r-release-macos-arm64 | 0.2.2 | 173.00 | NOTE | |||
r-release-macos-x86_64 | 0.2.2 | 267.00 | NOTE | |||
r-release-windows-x86_64 | 0.2.2 | 23.00 | 487.00 | 510.00 | NOTE | |
r-oldrel-macos-arm64 | 0.2.2 | 207.00 | NOTE | |||
r-oldrel-macos-x86_64 | 0.2.2 | 307.00 | NOTE | |||
r-oldrel-windows-x86_64 | 0.2.3 | 20.00 | 627.00 | 647.00 | NOTE |
Version: 0.2.2
Check: installed package size
Result: NOTE
installed size is 5.2Mb
sub-directories of 1Mb or more:
data 1.6Mb
doc 3.1Mb
Flavors: r-release-macos-arm64, r-release-macos-x86_64, r-release-windows-x86_64, r-oldrel-macos-arm64, r-oldrel-macos-x86_64
Version: 0.2.3
Check: installed package size
Result: NOTE
installed size is 5.1Mb
sub-directories of 1Mb or more:
data 1.6Mb
doc 3.1Mb
Flavor: r-oldrel-windows-x86_64