Last updated on 2022-05-18 14:48:53 CEST.
Flavor | Version | Tinstall | Tcheck | Ttotal | Status | Flags |
---|---|---|---|---|---|---|
r-devel-linux-x86_64-debian-clang | 0.3.0 | 5.12 | 137.52 | 142.64 | OK | |
r-devel-linux-x86_64-debian-gcc | 0.3.0 | 3.74 | 91.29 | 95.03 | OK | |
r-devel-linux-x86_64-fedora-clang | 0.3.0 | 154.33 | NOTE | |||
r-devel-linux-x86_64-fedora-gcc | 0.3.0 | 150.65 | NOTE | |||
r-devel-windows-x86_64 | 0.3.0 | 55.00 | 162.00 | 217.00 | OK | |
r-patched-linux-x86_64 | 0.3.0 | 4.57 | 113.59 | 118.16 | OK | |
r-release-linux-x86_64 | 0.3.0 | 3.39 | 115.50 | 118.89 | OK | |
r-release-macos-arm64 | 0.3.0 | 47.00 | NOTE | |||
r-release-macos-x86_64 | 0.3.0 | 83.00 | NOTE | |||
r-release-windows-x86_64 | 0.3.0 | 105.00 | 167.00 | 272.00 | OK | |
r-oldrel-macos-arm64 | 0.3.0 | 54.00 | NOTE | |||
r-oldrel-macos-x86_64 | 0.3.0 | 68.00 | NOTE | |||
r-oldrel-windows-ix86+x86_64 | 0.3.0 | 14.00 | 129.00 | 143.00 | OK |
Version: 0.3.0
Check: package dependencies
Result: NOTE
Imports includes 44 non-default packages.
Importing from so many packages makes the package vulnerable to any of
them becoming unavailable. Move as many as possible to Suggests and
use conditionally.
Flavor: r-devel-linux-x86_64-fedora-clang
Version: 0.3.0
Check: dependencies in R code
Result: NOTE
Namespaces in Imports field not imported from:
‘BBmisc’ ‘Ckmeans.1d.dp’ ‘Matrix’ ‘broom.mixed’ ‘ggstance’ ‘glmnet’
‘hardhat’
All declared Imports should be used.
Flavors: r-devel-linux-x86_64-fedora-clang, r-devel-linux-x86_64-fedora-gcc, r-release-macos-arm64, r-release-macos-x86_64, r-oldrel-macos-arm64, r-oldrel-macos-x86_64