CRAN Package Check Results for Package autostsm

Last updated on 2021-05-09 05:47:00 CEST.

Flavor Version Tinstall Tcheck Ttotal Status Flags
r-devel-linux-x86_64-debian-clang 1.3 43.17 73.38 116.55 OK
r-devel-linux-x86_64-debian-gcc 1.3 24.66 53.68 78.34 OK
r-devel-linux-x86_64-fedora-clang 1.3 159.14 NOTE
r-devel-linux-x86_64-fedora-gcc 1.3 149.25 NOTE
r-devel-windows-ix86+x86_64 1.3 105.00 122.00 227.00 OK
r-devel-windows-x86_64-gcc10-UCRT 1.3 NOTE
r-patched-linux-x86_64 1.3 34.32 71.67 105.99 OK
r-patched-solaris-x86 1.3 155.90 NOTE
r-release-linux-x86_64 1.3 36.34 67.66 104.00 OK
r-release-macos-x86_64 1.3 NOTE
r-release-windows-ix86+x86_64 1.3 79.00 94.00 173.00 OK
r-oldrel-macos-x86_64 1.3 ERROR
r-oldrel-windows-ix86+x86_64 1.2.2 85.00 7.00 92.00 ERROR

Check Details

Version: 1.3
Check: dependencies in R code
Result: NOTE
    Namespace in Imports field not imported from: ‘zoo’
     All declared Imports should be used.
Flavors: r-devel-linux-x86_64-fedora-clang, r-devel-linux-x86_64-fedora-gcc, r-devel-windows-x86_64-gcc10-UCRT, r-patched-solaris-x86, r-release-macos-x86_64

Version: 1.3
Check: package dependencies
Result: ERROR
    Package required and available but unsuitable version: ‘parallel’
    
    See section ‘The DESCRIPTION file’ in the ‘Writing R Extensions’
    manual.
Flavor: r-oldrel-macos-x86_64

Version: 1.2.2
Check: package dependencies
Result: ERROR
    Package required and available but unsuitable version: 'parallel'
    
    See section 'The DESCRIPTION file' in the 'Writing R Extensions'
    manual.
Flavor: r-oldrel-windows-ix86+x86_64