CRAN Package Check Results for Package av

Last updated on 2020-05-31 07:48:39 CEST.

Flavor Version Tinstall Tcheck Ttotal Status Flags
r-devel-linux-x86_64-debian-clang 0.5.0 4.73 64.85 69.58 OK
r-devel-linux-x86_64-debian-gcc 0.5.0 3.80 49.54 53.34 OK
r-devel-linux-x86_64-fedora-clang 0.5.0 84.63 OK
r-devel-linux-x86_64-fedora-gcc 0.5.0 82.31 OK
r-devel-windows-ix86+x86_64 0.5.0 74.00 284.00 358.00 NOTE
r-patched-linux-x86_64 0.5.0 4.40 64.10 68.50 OK
r-release-linux-x86_64 0.5.0 4.30 64.45 68.75 OK
r-release-osx-x86_64 0.5.0 NOTE
r-release-windows-ix86+x86_64 0.5.0 62.00 310.00 372.00 NOTE
r-oldrel-osx-x86_64 0.5.0 NOTE
r-oldrel-windows-ix86+x86_64 0.5.0 82.00 297.00 379.00 NOTE

Check Details

Version: 0.5.0
Check: installed package size
Result: NOTE
     installed size is 56.6Mb
     sub-directories of 1Mb or more:
     libs 55.8Mb
Flavors: r-devel-windows-ix86+x86_64, r-release-osx-x86_64, r-release-windows-ix86+x86_64, r-oldrel-osx-x86_64, r-oldrel-windows-ix86+x86_64