CRAN Package Check Results for Package aweek

Last updated on 2022-09-28 13:51:45 CEST.

Flavor Version Tinstall Tcheck Ttotal Status Flags
r-devel-linux-x86_64-debian-clang 1.0.2 2.72 32.22 34.94 NOTE
r-devel-linux-x86_64-debian-gcc 1.0.2 1.55 25.61 27.16 NOTE
r-devel-linux-x86_64-fedora-clang 1.0.2 56.73 NOTE
r-devel-linux-x86_64-fedora-gcc 1.0.2 55.66 NOTE
r-devel-windows-x86_64 1.0.2 13.00 62.00 75.00 NOTE
r-patched-linux-x86_64 1.0.2 2.25 31.94 34.19 NOTE
r-release-linux-x86_64 1.0.2 2.58 31.22 33.80 NOTE
r-release-macos-arm64 1.0.2 18.00 NOTE
r-release-macos-x86_64 1.0.2 26.00 NOTE
r-release-windows-x86_64 1.0.2 15.00 62.00 77.00 NOTE
r-oldrel-macos-arm64 1.0.2 21.00 NOTE
r-oldrel-macos-x86_64 1.0.2 32.00 NOTE
r-oldrel-windows-ix86+x86_64 1.0.2 7.00 61.00 68.00 NOTE

Check Details

Version: 1.0.2
Check: LazyData
Result: NOTE
     'LazyData' is specified without a 'data' directory
Flavors: r-devel-linux-x86_64-debian-clang, r-devel-linux-x86_64-debian-gcc, r-devel-linux-x86_64-fedora-clang, r-devel-linux-x86_64-fedora-gcc, r-devel-windows-x86_64, r-patched-linux-x86_64, r-release-linux-x86_64, r-release-macos-arm64, r-release-macos-x86_64, r-release-windows-x86_64, r-oldrel-macos-arm64, r-oldrel-macos-x86_64, r-oldrel-windows-ix86+x86_64