CRAN Package Check Results for Package aws.alexa

Last updated on 2022-05-18 04:49:30 CEST.

Flavor Version Tinstall Tcheck Ttotal Status Flags
r-devel-linux-x86_64-debian-clang 0.1.8 5.50 64.21 69.71 NOTE
r-devel-linux-x86_64-debian-gcc 0.1.8 4.12 48.15 52.27 NOTE
r-devel-linux-x86_64-fedora-clang 0.1.8 86.98 NOTE
r-devel-linux-x86_64-fedora-gcc 0.1.8 81.79 NOTE
r-devel-windows-x86_64 0.1.8 27.00 102.00 129.00 NOTE
r-patched-linux-x86_64 0.1.8 3.85 61.89 65.74 NOTE
r-release-linux-x86_64 0.1.8 5.46 59.46 64.92 NOTE
r-release-macos-arm64 0.1.8 27.00 NOTE
r-release-macos-x86_64 0.1.8 37.00 NOTE
r-release-windows-x86_64 0.1.8 26.00 104.00 130.00 NOTE
r-oldrel-macos-arm64 0.1.8 31.00 NOTE
r-oldrel-macos-x86_64 0.1.8 52.00 NOTE
r-oldrel-windows-ix86+x86_64 0.1.8 20.00 88.00 108.00 NOTE

Check Details

Version: 0.1.8
Check: LazyData
Result: NOTE
     'LazyData' is specified without a 'data' directory
Flavors: r-devel-linux-x86_64-debian-clang, r-devel-linux-x86_64-debian-gcc, r-devel-linux-x86_64-fedora-clang, r-devel-linux-x86_64-fedora-gcc, r-devel-windows-x86_64, r-patched-linux-x86_64, r-release-linux-x86_64, r-release-macos-arm64, r-release-macos-x86_64, r-release-windows-x86_64, r-oldrel-macos-arm64, r-oldrel-macos-x86_64, r-oldrel-windows-ix86+x86_64