CRAN Package Check Results for Package aws.ec2metadata

Last updated on 2019-03-24 01:50:19 CET.

Flavor Version Tinstall Tcheck Ttotal Status Flags
r-devel-linux-x86_64-debian-clang 0.1.5 1.66 17.52 19.18 OK
r-devel-linux-x86_64-debian-gcc 0.1.5 1.36 15.17 16.53 OK
r-devel-linux-x86_64-fedora-clang 0.1.5 21.54 OK
r-devel-linux-x86_64-fedora-gcc 0.1.5 22.97 OK
r-devel-windows-ix86+x86_64 0.1.5 47.00 188.00 235.00 OK
r-patched-linux-x86_64 0.1.5 0.74 16.12 16.86 OK
r-patched-solaris-x86 0.1.5 33.00 OK
r-release-linux-x86_64 0.1.5 0.30 1.85 2.15 ERROR
r-release-windows-ix86+x86_64 0.1.5 22.00 178.00 200.00 OK
r-release-osx-x86_64 0.1.5 OK
r-oldrel-windows-ix86+x86_64 0.1.5 22.00 189.00 211.00 OK
r-oldrel-osx-x86_64 0.1.5 OK

Check Details

Version: 0.1.5
Check: whether package can be installed
Result: ERROR
    Installation failed.
Flavor: r-release-linux-x86_64