CRAN Package Check Results for Package aws

Last updated on 2019-11-13 12:46:52 CET.

Flavor Version Tinstall Tcheck Ttotal Status Flags
r-devel-linux-x86_64-debian-clang 2.2-1.1 17.63 51.20 68.83 NOTE
r-devel-linux-x86_64-debian-gcc 2.2-1.1 13.53 37.85 51.38 NOTE
r-devel-linux-x86_64-fedora-clang 2.2-1.1 84.67 NOTE
r-devel-linux-x86_64-fedora-gcc 2.2-1.1 83.24 NOTE
r-devel-windows-ix86+x86_64 2.2-1.1 38.00 70.00 108.00 OK
r-patched-linux-x86_64 2.2-1 16.18 49.06 65.24 OK
r-patched-solaris-x86 2.2-1 103.60 OK
r-release-linux-x86_64 2.2-1 16.67 49.75 66.42 OK
r-release-windows-ix86+x86_64 2.2-1 36.00 86.00 122.00 OK
r-release-osx-x86_64 2.2-1 OK
r-oldrel-windows-ix86+x86_64 2.2-1 35.00 64.00 99.00 OK
r-oldrel-osx-x86_64 2.2-1 OK

Additional issues

LTO

Check Details

Version: 2.2-1.1
Check: DESCRIPTION meta-information
Result: NOTE
    Dependence on R version '3.6.2' not with patchlevel 0
Flavors: r-devel-linux-x86_64-debian-clang, r-devel-linux-x86_64-debian-gcc, r-devel-linux-x86_64-fedora-clang, r-devel-linux-x86_64-fedora-gcc