CRAN Package Check Results for Package aws.lambda

Last updated on 2021-10-22 08:50:40 CEST.

Flavor Version Tinstall Tcheck Ttotal Status Flags
r-devel-linux-x86_64-debian-clang 0.2.0 2.43 25.53 27.96 NOTE
r-devel-linux-x86_64-debian-gcc 0.2.0 2.08 20.49 22.57 NOTE
r-devel-linux-x86_64-fedora-clang 0.2.0 44.53 NOTE
r-devel-linux-x86_64-fedora-gcc 0.2.0 33.87 NOTE
r-devel-windows-x86_64 0.2.0 7.00 60.00 67.00 NOTE
r-devel-windows-x86_64-gcc10-UCRT 0.2.0 NOTE
r-patched-linux-x86_64 0.2.0 2.47 25.13 27.60 NOTE
r-patched-solaris-x86 0.2.0 57.80 NOTE
r-release-linux-x86_64 0.2.0 2.19 24.96 27.15 NOTE
r-release-macos-arm64 0.2.0 NOTE
r-release-macos-x86_64 0.2.0 NOTE
r-release-windows-ix86+x86_64 0.2.0 8.00 61.00 69.00 NOTE
r-oldrel-macos-x86_64 0.2.0 OK
r-oldrel-windows-ix86+x86_64 0.2.0 10.00 58.00 68.00 OK

Check Details

Version: 0.2.0
Check: LazyData
Result: NOTE
     'LazyData' is specified without a 'data' directory
Flavors: r-devel-linux-x86_64-debian-clang, r-devel-linux-x86_64-debian-gcc, r-devel-linux-x86_64-fedora-clang, r-devel-linux-x86_64-fedora-gcc, r-devel-windows-x86_64, r-devel-windows-x86_64-gcc10-UCRT, r-patched-linux-x86_64, r-patched-solaris-x86, r-release-linux-x86_64, r-release-macos-arm64, r-release-macos-x86_64, r-release-windows-ix86+x86_64