CRAN Package Check Results for Package aws.lambda

Last updated on 2021-05-15 21:46:42 CEST.

Flavor Version Tinstall Tcheck Ttotal Status Flags
r-devel-linux-x86_64-debian-clang 0.2.0 2.79 26.68 29.47 NOTE
r-devel-linux-x86_64-debian-gcc 0.2.0 1.95 21.40 23.35 NOTE
r-devel-linux-x86_64-fedora-clang 0.2.0 45.91 NOTE
r-devel-linux-x86_64-fedora-gcc 0.2.0 34.78 NOTE
r-devel-windows-ix86+x86_64 0.2.0 10.00 48.00 58.00 NOTE
r-devel-windows-x86_64-gcc10-UCRT 0.2.0 NOTE
r-patched-linux-x86_64 0.2.0 2.67 26.70 29.37 NOTE
r-patched-solaris-x86 0.2.0 58.40 NOTE
r-release-linux-x86_64 0.2.0 2.18 25.77 27.95 OK
r-release-macos-x86_64 0.2.0 OK
r-release-windows-ix86+x86_64 0.2.0 9.00 61.00 70.00 OK
r-oldrel-macos-x86_64 0.2.0 OK
r-oldrel-windows-ix86+x86_64 0.2.0 8.00 54.00 62.00 OK

Check Details

Version: 0.2.0
Check: LazyData
Result: NOTE
     'LazyData' is specified without a 'data' directory
Flavors: r-devel-linux-x86_64-debian-clang, r-devel-linux-x86_64-debian-gcc, r-devel-linux-x86_64-fedora-clang, r-devel-linux-x86_64-fedora-gcc, r-devel-windows-ix86+x86_64, r-devel-windows-x86_64-gcc10-UCRT, r-patched-linux-x86_64, r-patched-solaris-x86