CRAN Package Check Results for Package aziztest

Last updated on 2021-04-12 02:47:34 CEST.

Flavor Version Tinstall Tcheck Ttotal Status Flags
r-devel-linux-x86_64-debian-clang 0.2.1 2.26 23.84 26.10 NOTE
r-devel-linux-x86_64-debian-gcc 0.2.1 1.64 18.20 19.84 NOTE
r-devel-linux-x86_64-fedora-clang 0.2.1 40.51 NOTE
r-devel-linux-x86_64-fedora-gcc 0.2.1 28.76 NOTE
r-devel-windows-ix86+x86_64 0.2.1 6.00 36.00 42.00 NOTE
r-devel-windows-x86_64-gcc10-UCRT 0.2.1 NOTE
r-patched-linux-x86_64 0.2.1 2.44 22.80 25.24 OK
r-patched-solaris-x86 0.2.1 49.40 OK
r-release-linux-x86_64 0.2.1 2.20 22.86 25.06 OK
r-release-macos-x86_64 0.2.1 OK
r-release-windows-ix86+x86_64 0.2.1 5.00 37.00 42.00 OK
r-oldrel-macos-x86_64 0.2.1 OK
r-oldrel-windows-ix86+x86_64 0.2.1 3.00 30.00 33.00 OK

Check Details

Version: 0.2.1
Check: LazyData
Result: NOTE
     'LazyData' is specified without a 'data' directory
Flavors: r-devel-linux-x86_64-debian-clang, r-devel-linux-x86_64-debian-gcc, r-devel-linux-x86_64-fedora-clang, r-devel-linux-x86_64-fedora-gcc, r-devel-windows-ix86+x86_64, r-devel-windows-x86_64-gcc10-UCRT