CRAN Package Check Results for Package b3archives

Last updated on 2020-07-11 19:47:06 CEST.

Flavor Version Tinstall Tcheck Ttotal Status Flags
r-devel-linux-x86_64-debian-clang 1.0.0 4.18 37.27 41.45 OK
r-devel-linux-x86_64-debian-gcc 1.0.0 3.19 28.90 32.09 OK
r-devel-linux-x86_64-fedora-gcc 1.0.0 48.85 OK
r-devel-windows-ix86+x86_64 1.0.0 10.00 68.00 78.00 OK
r-patched-linux-x86_64 1.0.0 3.77 37.05 40.82 OK
r-patched-solaris-x86 1.0.0 76.30 ERROR
r-release-linux-x86_64 1.0.0 4.45 36.57 41.02 OK
r-release-macos-x86_64 1.0.0 OK
r-release-windows-ix86+x86_64 1.0.0 14.00 73.00 87.00 OK
r-oldrel-macos-x86_64 1.0.0 OK
r-oldrel-windows-ix86+x86_64 1.0.0 10.00 54.00 64.00 OK

Check Details

Version: 1.0.0
Check: tests
Result: ERROR
     Running ‘testthat.R’ [4s/315s]
    Running the tests in ‘tests/testthat.R’ failed.
    Complete output:
     > library(testthat)
     > library(b3archives)
     >
     > test_check("b3archives")
     trying URL 'http://www.b3.com.br/pesquisapregao/download?filelist=IR200131.zip'
     ── 1. Error: link still the same (@test-b3_pricereport.R#2) ───────────────────
     cannot open URL 'http://www.b3.com.br/pesquisapregao/download?filelist=IR200131.zip'
     Backtrace:
     1. b3archives::b3_indexreport_download(as.Date("2020-01-31"))
     2. utils::download.file(url = url, destfile = zip_file)
    
     ══ testthat results ═══════════════════════════════════════════════════════════
     [ OK: 0 | SKIPPED: 0 | WARNINGS: 1 | FAILED: 1 ]
     1. Error: link still the same (@test-b3_pricereport.R#2)
    
     Error: testthat unit tests failed
     Execution halted
Flavor: r-patched-solaris-x86

Version: 1.0.0
Check: re-building of vignette outputs
Result: WARN
    Error(s) in re-building vignettes:
     ...
    --- re-building ‘Price_and_Index_Reports.Rmd’ using rmarkdown
    Warning in engine$weave(file, quiet = quiet, encoding = enc) :
     Pandoc (>= 1.12.3) and/or pandoc-citeproc not available. Falling back to R Markdown v1.
    trying URL 'http://www.b3.com.br/pesquisapregao/download?filelist=IR190918.zip'
    Quitting from lines 18-25 (Price_and_Index_Reports.Rmd)
    Error: processing vignette 'Price_and_Index_Reports.Rmd' failed with diagnostics:
    cannot open URL 'http://www.b3.com.br/pesquisapregao/download?filelist=IR190918.zip'
    --- failed re-building ‘Price_and_Index_Reports.Rmd’
    
    SUMMARY: processing the following file failed:
     ‘Price_and_Index_Reports.Rmd’
    
    Error: Vignette re-building failed.
    Execution halted
Flavor: r-patched-solaris-x86