CRAN Package Check Results for Package bSims

Last updated on 2021-05-17 19:46:52 CEST.

Flavor Version Tinstall Tcheck Ttotal Status Flags
r-devel-linux-x86_64-debian-clang 0.2-1 10.79 110.58 121.37 NOTE
r-devel-linux-x86_64-debian-gcc 0.2-1 8.25 84.75 93.00 NOTE
r-devel-linux-x86_64-fedora-clang 0.2-1 147.62 NOTE
r-devel-linux-x86_64-fedora-gcc 0.2-1 137.68 NOTE
r-devel-windows-ix86+x86_64 0.2-1 20.00 131.00 151.00 NOTE
r-devel-windows-x86_64-gcc10-UCRT 0.2-1 NOTE
r-patched-linux-x86_64 0.2-1 10.71 108.38 119.09 NOTE
r-patched-solaris-x86 0.2-1 196.00 NOTE
r-release-linux-x86_64 0.2-1 9.91 104.94 114.85 OK
r-release-macos-x86_64 0.2-1 OK
r-release-windows-ix86+x86_64 0.2-1 13.00 100.00 113.00 OK
r-oldrel-macos-x86_64 0.2-1 OK
r-oldrel-windows-ix86+x86_64 0.2-1 13.00 129.00 142.00 OK

Check Details

Version: 0.2-1
Check: LazyData
Result: NOTE
     'LazyData' is specified without a 'data' directory
Flavors: r-devel-linux-x86_64-debian-clang, r-devel-linux-x86_64-debian-gcc, r-devel-linux-x86_64-fedora-clang, r-devel-linux-x86_64-fedora-gcc, r-devel-windows-ix86+x86_64, r-devel-windows-x86_64-gcc10-UCRT, r-patched-linux-x86_64, r-patched-solaris-x86