Last updated on 2023-02-07 12:55:24 CET.
Flavor | Version | Tinstall | Tcheck | Ttotal | Status | Flags |
---|---|---|---|---|---|---|
r-devel-linux-x86_64-debian-clang | 2.1 | 172.67 | 85.84 | 258.51 | OK | |
r-devel-linux-x86_64-debian-gcc | 2.1 | 146.92 | 69.64 | 216.56 | OK | |
r-devel-linux-x86_64-fedora-clang | 2.1 | 325.77 | NOTE | |||
r-devel-linux-x86_64-fedora-gcc | 2.1 | 352.92 | NOTE | |||
r-devel-windows-x86_64 | 2.1 | 111.00 | 132.00 | 243.00 | OK | |
r-patched-linux-x86_64 | 2.1 | 144.58 | 85.85 | 230.43 | OK | |
r-release-linux-x86_64 | 2.1 | 144.11 | 87.97 | 232.08 | OK | |
r-release-macos-arm64 | 2.1 | 88.00 | NOTE | |||
r-release-macos-x86_64 | 2.1 | 115.00 | NOTE | |||
r-release-windows-x86_64 | 2.1 | 145.00 | 144.00 | 289.00 | OK | |
r-oldrel-macos-arm64 | 2.1 | 76.00 | NOTE | |||
r-oldrel-macos-x86_64 | 2.1 | 110.00 | NOTE | |||
r-oldrel-windows-ix86+x86_64 | 2.1 | 337.00 | 155.00 | 492.00 | OK |
Version: 2.1
Check: dependencies in R code
Result: NOTE
Namespace in Imports field not imported from: ‘RcppEigen’
All declared Imports should be used.
Flavors: r-devel-linux-x86_64-fedora-clang, r-devel-linux-x86_64-fedora-gcc, r-release-macos-arm64, r-release-macos-x86_64, r-oldrel-macos-arm64, r-oldrel-macos-x86_64
Version: 2.1
Check: installed package size
Result: NOTE
installed size is 48.6Mb
sub-directories of 1Mb or more:
libs 48.1Mb
Flavors: r-release-macos-arm64, r-release-macos-x86_64, r-oldrel-macos-arm64, r-oldrel-macos-x86_64