CRAN Package Check Results for Package baRcodeR

Last updated on 2021-05-17 01:46:47 CEST.

Flavor Version Tinstall Tcheck Ttotal Status Flags
r-devel-linux-x86_64-debian-clang 0.1.5 3.64 38.74 42.38 NOTE
r-devel-linux-x86_64-debian-gcc 0.1.5 2.61 29.89 32.50 NOTE
r-devel-linux-x86_64-fedora-clang 0.1.5 58.60 NOTE
r-devel-linux-x86_64-fedora-gcc 0.1.5 50.26 NOTE
r-devel-windows-ix86+x86_64 0.1.5 8.00 55.00 63.00 NOTE
r-devel-windows-x86_64-gcc10-UCRT 0.1.5 NOTE
r-patched-linux-x86_64 0.1.5 3.53 38.02 41.55 NOTE
r-patched-solaris-x86 0.1.5 77.10 NOTE
r-release-linux-x86_64 0.1.5 3.31 38.43 41.74 OK
r-release-macos-x86_64 0.1.5 OK
r-release-windows-ix86+x86_64 0.1.5 6.00 46.00 52.00 OK
r-oldrel-macos-x86_64 0.1.5 OK
r-oldrel-windows-ix86+x86_64 0.1.5 5.00 57.00 62.00 OK

Check Details

Version: 0.1.5
Check: LazyData
Result: NOTE
     'LazyData' is specified without a 'data' directory
Flavors: r-devel-linux-x86_64-debian-clang, r-devel-linux-x86_64-debian-gcc, r-devel-linux-x86_64-fedora-clang, r-devel-linux-x86_64-fedora-gcc, r-devel-windows-ix86+x86_64, r-devel-windows-x86_64-gcc10-UCRT, r-patched-linux-x86_64, r-patched-solaris-x86