CRAN Package Check Results for Package baRcodeR

Last updated on 2021-10-19 02:48:30 CEST.

Flavor Version Tinstall Tcheck Ttotal Status Flags
r-devel-linux-x86_64-debian-clang 0.1.5 3.34 37.33 40.67 NOTE
r-devel-linux-x86_64-debian-gcc 0.1.5 2.70 29.06 31.76 NOTE
r-devel-linux-x86_64-fedora-clang 0.1.5 59.41 NOTE
r-devel-linux-x86_64-fedora-gcc 0.1.5 47.16 NOTE
r-devel-windows-x86_64 0.1.5 6.00 60.00 66.00 NOTE
r-devel-windows-x86_64-gcc10-UCRT 0.1.5 NOTE
r-patched-linux-x86_64 0.1.5 3.75 37.04 40.79 NOTE
r-patched-solaris-x86 0.1.5 78.10 NOTE
r-release-linux-x86_64 0.1.5 3.65 36.65 40.30 NOTE
r-release-macos-arm64 0.1.5 NOTE
r-release-macos-x86_64 0.1.5 NOTE
r-release-windows-ix86+x86_64 0.1.5 6.00 57.00 63.00 NOTE
r-oldrel-macos-x86_64 0.1.5 OK
r-oldrel-windows-ix86+x86_64 0.1.5 9.00 57.00 66.00 OK

Check Details

Version: 0.1.5
Check: LazyData
Result: NOTE
     'LazyData' is specified without a 'data' directory
Flavors: r-devel-linux-x86_64-debian-clang, r-devel-linux-x86_64-debian-gcc, r-devel-linux-x86_64-fedora-clang, r-devel-linux-x86_64-fedora-gcc, r-devel-windows-x86_64, r-devel-windows-x86_64-gcc10-UCRT, r-patched-linux-x86_64, r-patched-solaris-x86, r-release-linux-x86_64, r-release-macos-arm64, r-release-macos-x86_64, r-release-windows-ix86+x86_64