CRAN Package Check Results for Package babar

Last updated on 2020-09-19 10:47:59 CEST.

Flavor Version Tinstall Tcheck Ttotal Status Flags
r-devel-linux-x86_64-debian-clang 1.0 3.93 58.31 62.24 NOTE
r-devel-linux-x86_64-debian-gcc 1.0 3.50 42.49 45.99 NOTE
r-devel-linux-x86_64-fedora-clang 1.0 86.94 NOTE
r-devel-linux-x86_64-fedora-gcc 1.0 72.94 NOTE
r-devel-windows-ix86+x86_64 1.0 9.00 81.00 90.00 NOTE
r-patched-linux-x86_64 1.0 3.96 56.38 60.34 NOTE
r-patched-solaris-x86 1.0 94.30 NOTE
r-release-linux-x86_64 1.0 4.70 56.68 61.38 NOTE
r-release-macos-x86_64 1.0 NOTE
r-release-windows-ix86+x86_64 1.0 8.00 65.00 73.00 NOTE
r-oldrel-macos-x86_64 1.0 NOTE
r-oldrel-windows-ix86+x86_64 1.0 5.00 71.00 76.00 NOTE

Check Details

Version: 1.0
Check: R code for possible problems
Result: NOTE
    .generateTransform: no visible global function definition for 'sd'
    .generateUnitHyperCube: no visible global function definition for
     'runif'
    .makeBoundedSingleStep: no visible global function definition for
     'runif'
    .makeBoundedStep: no visible global function definition for 'runif'
    .makeStep: no visible global function definition for 'runif'
    .staircaseSampling: no visible global function definition for 'runif'
    GaussianPrior: no visible global function definition for 'qnorm'
    LogNormalPrior: no visible global function definition for 'qnorm'
    Undefined global functions or variables:
     qnorm runif sd
    Consider adding
     importFrom("stats", "qnorm", "runif", "sd")
    to your NAMESPACE file.
Flavors: r-devel-linux-x86_64-debian-clang, r-devel-linux-x86_64-debian-gcc, r-devel-linux-x86_64-fedora-clang, r-devel-linux-x86_64-fedora-gcc, r-devel-windows-ix86+x86_64, r-patched-linux-x86_64, r-patched-solaris-x86, r-release-linux-x86_64, r-release-macos-x86_64, r-release-windows-ix86+x86_64, r-oldrel-macos-x86_64, r-oldrel-windows-ix86+x86_64