CRAN Package Check Results for Package babynames

Last updated on 2021-08-05 21:50:44 CEST.

Flavor Version Tinstall Tcheck Ttotal Status Flags
r-devel-linux-x86_64-debian-clang 1.0.1 41.13 48.67 89.80 OK
r-devel-linux-x86_64-debian-gcc 1.0.1 37.19 39.33 76.52 OK
r-devel-linux-x86_64-fedora-clang 1.0.1 135.10 NOTE
r-devel-linux-x86_64-fedora-gcc 1.0.1 113.57 OK
r-devel-windows-x86_64 1.0.1 56.00 68.00 124.00 NOTE
r-devel-windows-x86_64-gcc10-UCRT 1.0.1 ERROR
r-patched-linux-x86_64 1.0.1 39.75 46.44 86.19 OK
r-patched-solaris-x86 1.0.1 229.40 NOTE
r-release-linux-x86_64 1.0.1 38.83 47.98 86.81 OK
r-release-macos-arm64 1.0.1 NOTE
r-release-macos-x86_64 1.0.1 NOTE
r-release-windows-ix86+x86_64 1.0.1 58.00 51.00 109.00 NOTE
r-oldrel-macos-x86_64 1.0.1 NOTE
r-oldrel-windows-ix86+x86_64 1.0.1 47.00 67.00 114.00 NOTE

Check Details

Version: 1.0.1
Check: installed package size
Result: NOTE
     installed size is 5.4Mb
     sub-directories of 1Mb or more:
     data 5.3Mb
Flavors: r-devel-linux-x86_64-fedora-clang, r-devel-windows-x86_64, r-patched-solaris-x86, r-release-macos-arm64, r-release-macos-x86_64, r-release-windows-ix86+x86_64, r-oldrel-macos-x86_64, r-oldrel-windows-ix86+x86_64

Version: 1.0.1
Check: package dependencies
Result: ERROR
    Package required but not available: 'tibble'
    
    Package suggested but not available for checking: 'testthat'
    
    See section 'The DESCRIPTION file' in the 'Writing R Extensions'
    manual.
Flavor: r-devel-windows-x86_64-gcc10-UCRT