CRAN Package Check Results for Package bacistool

Last updated on 2022-08-13 20:48:58 CEST.

Flavor Version Tinstall Tcheck Ttotal Status Flags
r-devel-linux-x86_64-debian-clang 1.0.0 3.19 32.54 35.73 NOTE
r-devel-linux-x86_64-debian-gcc 1.0.0 2.25 24.05 26.30 NOTE
r-devel-linux-x86_64-fedora-clang 1.0.0 52.09 NOTE
r-devel-linux-x86_64-fedora-gcc 1.0.0 51.10 NOTE
r-devel-windows-x86_64 1.0.0 14.00 54.00 68.00 NOTE
r-patched-linux-x86_64 1.0.0 2.68 30.30 32.98 NOTE
r-release-linux-x86_64 1.0.0 1.94 29.85 31.79 NOTE
r-release-macos-arm64 1.0.0 21.00 NOTE
r-release-macos-x86_64 1.0.0 27.00 NOTE
r-release-windows-x86_64 1.0.0 10.00 55.00 65.00 NOTE
r-oldrel-macos-arm64 1.0.0 20.00 NOTE
r-oldrel-macos-x86_64 1.0.0 30.00 NOTE
r-oldrel-windows-ix86+x86_64 1.0.0 8.00 58.00 66.00 NOTE

Check Details

Version: 1.0.0
Check: LazyData
Result: NOTE
     'LazyData' is specified without a 'data' directory
Flavors: r-devel-linux-x86_64-debian-clang, r-devel-linux-x86_64-debian-gcc, r-devel-linux-x86_64-fedora-clang, r-devel-linux-x86_64-fedora-gcc, r-devel-windows-x86_64, r-patched-linux-x86_64, r-release-linux-x86_64, r-release-macos-arm64, r-release-macos-x86_64, r-release-windows-x86_64, r-oldrel-macos-arm64, r-oldrel-macos-x86_64, r-oldrel-windows-ix86+x86_64