CRAN Package Check Results for Package badgecreatr

Last updated on 2018-04-26 06:46:59 CEST.

Flavor Version Tinstall Tcheck Ttotal Status Flags
r-devel-linux-x86_64-debian-clang 0.1.0 0.99 11.04 12.03 OK
r-devel-linux-x86_64-debian-gcc 0.1.0 0.85 13.82 14.67 OK
r-devel-linux-x86_64-fedora-clang 0.1.0 18.34 NOTE
r-devel-linux-x86_64-fedora-gcc 0.1.0 16.12 NOTE
r-devel-windows-ix86+x86_64 0.1.0 3.00 35.00 38.00 OK
r-patched-linux-x86_64 0.1.0 1.00 16.55 17.55 OK
r-patched-solaris-x86 0.1.0 33.90 NOTE
r-release-linux-x86_64 0.1.0 0.74 16.79 17.53 OK
r-release-windows-ix86+x86_64 0.1.0 3.00 35.00 38.00 OK
r-release-osx-x86_64 0.1.0 NOTE
r-oldrel-windows-ix86+x86_64 0.1.0 2.00 48.00 50.00 OK
r-oldrel-osx-x86_64 0.1.0 NOTE

Check Details

Version: 0.1.0
Check: dependencies in R code
Result: NOTE
    Namespace in Imports field not imported from: ‘methods’
     All declared Imports should be used.
Flavors: r-devel-linux-x86_64-fedora-clang, r-devel-linux-x86_64-fedora-gcc, r-patched-solaris-x86, r-release-osx-x86_64, r-oldrel-osx-x86_64