CRAN Package Check Results for Package badgecreatr

Last updated on 2018-06-22 00:46:20 CEST.

Flavor Version Tinstall Tcheck Ttotal Status Flags
r-devel-linux-x86_64-debian-clang 0.1.0 1.01 11.90 12.91 OK
r-devel-linux-x86_64-debian-gcc 0.1.0 0.86 14.66 15.52 OK
r-devel-linux-x86_64-fedora-clang 0.1.0 18.51 NOTE
r-devel-linux-x86_64-fedora-gcc 0.1.0 17.96 NOTE
r-devel-windows-ix86+x86_64 0.1.0 3.00 27.00 30.00 OK
r-patched-linux-x86_64 0.1.0 0.86 16.71 17.57 OK
r-patched-solaris-x86 0.1.0 34.40 NOTE
r-release-linux-x86_64 0.1.0 1.07 16.93 18.00 OK
r-release-windows-ix86+x86_64 0.1.0 2.00 32.00 34.00 OK
r-release-osx-x86_64 0.1.0 NOTE
r-oldrel-windows-ix86+x86_64 0.1.0 3.00 26.00 29.00 OK
r-oldrel-osx-x86_64 0.1.0 NOTE

Check Details

Version: 0.1.0
Check: dependencies in R code
Result: NOTE
    Namespace in Imports field not imported from: ‘methods’
     All declared Imports should be used.
Flavors: r-devel-linux-x86_64-fedora-clang, r-devel-linux-x86_64-fedora-gcc, r-patched-solaris-x86, r-release-osx-x86_64, r-oldrel-osx-x86_64