CRAN Package Check Results for Package badgecreatr

Last updated on 2017-09-21 17:47:55.

Flavor Version Tinstall Tcheck Ttotal Status Flags
r-devel-linux-x86_64-debian-clang 0.1.0 0.65 13.61 14.26 OK
r-devel-linux-x86_64-debian-gcc 0.1.0 0.70 13.41 14.11 OK
r-devel-linux-x86_64-fedora-clang 0.1.0 19.91 NOTE
r-devel-linux-x86_64-fedora-gcc 0.1.0 18.79 NOTE
r-devel-windows-ix86+x86_64 0.1.0 2.00 29.00 31.00 OK
r-patched-linux-x86_64 0.1.0 0.65 13.02 13.67 OK
r-patched-solaris-x86 0.1.0 28.90 NOTE
r-release-linux-x86_64 0.1.0 0.65 13.69 14.33 OK
r-release-windows-ix86+x86_64 0.1.0 2.00 29.00 31.00 OK
r-release-osx-x86_64 0.1.0 NOTE
r-oldrel-windows-ix86+x86_64 0.1.0 2.00 27.00 29.00 OK
r-oldrel-osx-x86_64 0.1.0 NOTE

Check Details

Version: 0.1.0
Check: dependencies in R code
Result: NOTE
    Namespace in Imports field not imported from: ‘methods’
     All declared Imports should be used.
Flavors: r-devel-linux-x86_64-fedora-clang, r-devel-linux-x86_64-fedora-gcc, r-patched-solaris-x86, r-release-osx-x86_64, r-oldrel-osx-x86_64