CRAN Package Check Results for Package badgecreatr

Last updated on 2017-11-24 09:47:28 CET.

Flavor Version Tinstall Tcheck Ttotal Status Flags
r-devel-linux-x86_64-debian-clang 0.1.0 0.56 18.00 18.56 OK
r-devel-linux-x86_64-debian-gcc 0.1.0 0.63 32.91 33.54 OK
r-devel-linux-x86_64-fedora-clang 0.1.0 18.15 NOTE
r-devel-linux-x86_64-fedora-gcc 0.1.0 18.03 NOTE
r-devel-windows-ix86+x86_64 0.1.0 2.00 42.00 44.00 OK
r-patched-linux-x86_64 0.1.0 0.90 33.07 33.97 OK
r-patched-solaris-x86 0.1.0 29.10 NOTE
r-release-linux-x86_64 0.1.0 0.85 33.96 34.81 OK
r-release-windows-ix86+x86_64 0.1.0 2.00 26.00 28.00 OK
r-release-osx-x86_64 0.1.0 NOTE
r-oldrel-windows-ix86+x86_64 0.1.0 2.00 27.00 29.00 OK
r-oldrel-osx-x86_64 0.1.0 NOTE

Check Details

Version: 0.1.0
Check: dependencies in R code
Result: NOTE
    Namespace in Imports field not imported from: ‘methods’
     All declared Imports should be used.
Flavors: r-devel-linux-x86_64-fedora-clang, r-devel-linux-x86_64-fedora-gcc, r-patched-solaris-x86, r-release-osx-x86_64, r-oldrel-osx-x86_64