CRAN Package Check Results for Package badgecreatr

Last updated on 2017-07-24 01:50:15.

Flavor Version Tinstall Tcheck Ttotal Status Flags
r-devel-linux-x86_64-debian-clang 0.1.0 2.68 20.11 22.79 OK
r-devel-linux-x86_64-debian-gcc 0.1.0 0.61 20.63 21.24 OK
r-devel-linux-x86_64-fedora-clang 0.1.0 19.03 NOTE
r-devel-linux-x86_64-fedora-gcc 0.1.0 18.87 NOTE
r-devel-windows-ix86+x86_64 0.1.0 4.00 39.00 43.00 OK
r-patched-linux-x86_64 0.1.0 0.71 20.02 20.73 OK
r-patched-solaris-x86 0.1.0 29.00 NOTE
r-release-linux-x86_64 0.1.0 0.64 20.33 20.97 OK
r-release-windows-ix86+x86_64 0.1.0 2.00 38.00 40.00 OK
r-release-osx-x86_64 0.1.0 NOTE
r-oldrel-windows-ix86+x86_64 0.1.0 4.00 36.00 40.00 OK
r-oldrel-osx-x86_64 0.1.0 NOTE

Check Details

Version: 0.1.0
Check: dependencies in R code
Result: NOTE
    Namespace in Imports field not imported from: ‘methods’
     All declared Imports should be used.
Flavors: r-devel-linux-x86_64-fedora-clang, r-devel-linux-x86_64-fedora-gcc, r-patched-solaris-x86, r-release-osx-x86_64, r-oldrel-osx-x86_64