CRAN Package Check Results for Package badgecreatr

Last updated on 2017-05-29 12:48:07.

Flavor Version Tinstall Tcheck Ttotal Status Flags
r-devel-linux-x86_64-debian-clang 0.1.0 0.73 14.11 14.85 OK
r-devel-linux-x86_64-debian-gcc 0.1.0 0.67 14.11 14.77 OK
r-devel-linux-x86_64-fedora-clang 0.1.0 19.55 NOTE
r-devel-linux-x86_64-fedora-gcc 0.1.0 18.35 NOTE
r-devel-windows-ix86+x86_64 0.1.0 2.00 42.00 44.00 OK
r-patched-linux-x86_64 0.1.0 0.63 13.98 14.61 OK
r-patched-solaris-sparc 0.1.0 117.90 NOTE
r-patched-solaris-x86 0.1.0 28.60 NOTE
r-release-linux-x86_64 0.1.0 0.72 14.41 15.14 OK
r-release-windows-ix86+x86_64 0.1.0 4.00 30.00 34.00 OK
r-release-osx-x86_64 0.1.0 NOTE
r-oldrel-windows-ix86+x86_64 0.1.0 2.00 27.00 29.00 OK
r-oldrel-osx-x86_64 0.1.0 NOTE

Check Details

Version: 0.1.0
Check: dependencies in R code
Result: NOTE
    Namespace in Imports field not imported from: ‘methods’
     All declared Imports should be used.
Flavors: r-devel-linux-x86_64-fedora-clang, r-devel-linux-x86_64-fedora-gcc, r-patched-solaris-sparc, r-patched-solaris-x86, r-release-osx-x86_64, r-oldrel-osx-x86_64