Last updated on 2023-02-06 19:54:16 CET.
Flavor | Version | Tinstall | Tcheck | Ttotal | Status | Flags |
---|---|---|---|---|---|---|
r-devel-linux-x86_64-debian-clang | 0.2.4 | 576.60 | 417.56 | 994.16 | NOTE | |
r-devel-linux-x86_64-debian-gcc | 0.2.4 | 536.84 | 315.82 | 852.66 | NOTE | |
r-devel-linux-x86_64-fedora-clang | 0.2.4 | 1254.18 | NOTE | |||
r-devel-linux-x86_64-fedora-gcc | 0.2.4 | 1477.87 | NOTE | |||
r-devel-windows-x86_64 | 0.2.4 | 702.00 | 505.00 | 1207.00 | NOTE | |
r-patched-linux-x86_64 | 0.2.4 | 488.72 | 426.44 | 915.16 | NOTE | |
r-release-linux-x86_64 | 0.2.4 | 457.92 | 421.44 | 879.36 | NOTE | |
r-release-macos-arm64 | 0.2.4 | 364.00 | NOTE | |||
r-release-macos-x86_64 | 0.2.4 | 409.00 | NOTE | |||
r-release-windows-x86_64 | 0.2.4 | 534.00 | 523.00 | 1057.00 | NOTE | |
r-oldrel-macos-arm64 | 0.2.4 | 357.00 | NOTE | |||
r-oldrel-macos-x86_64 | 0.2.4 | 412.00 | NOTE | |||
r-oldrel-windows-ix86+x86_64 | 0.2.4 | 1283.00 | 598.00 | 1881.00 | NOTE |
Version: 0.2.4
Check: C++ specification
Result: NOTE
Specified C++14: please update to current default of C++17
Flavors: r-devel-linux-x86_64-debian-clang, r-devel-linux-x86_64-debian-gcc, r-devel-linux-x86_64-fedora-clang, r-devel-linux-x86_64-fedora-gcc, r-devel-windows-x86_64
Version: 0.2.4
Check: for GNU extensions in Makefiles
Result: NOTE
GNU make is a SystemRequirements.
Flavors: r-devel-linux-x86_64-debian-clang, r-devel-linux-x86_64-debian-gcc, r-devel-linux-x86_64-fedora-clang, r-devel-linux-x86_64-fedora-gcc, r-devel-windows-x86_64, r-patched-linux-x86_64, r-release-linux-x86_64, r-release-macos-arm64, r-release-macos-x86_64, r-release-windows-x86_64, r-oldrel-macos-arm64, r-oldrel-macos-x86_64, r-oldrel-windows-ix86+x86_64
Version: 0.2.4
Check: installed package size
Result: NOTE
installed size is 7.4Mb
sub-directories of 1Mb or more:
libs 6.6Mb
Flavors: r-devel-linux-x86_64-fedora-clang, r-devel-windows-x86_64, r-release-macos-arm64, r-release-macos-x86_64, r-release-windows-x86_64, r-oldrel-macos-arm64, r-oldrel-macos-x86_64, r-oldrel-windows-ix86+x86_64
Version: 0.2.4
Check: dependencies in R code
Result: NOTE
Namespaces in Imports field not imported from:
‘RcppParallel’ ‘rstantools’
All declared Imports should be used.
Flavors: r-devel-linux-x86_64-fedora-clang, r-devel-linux-x86_64-fedora-gcc, r-release-macos-arm64, r-release-macos-x86_64, r-oldrel-macos-arm64, r-oldrel-macos-x86_64