CRAN Package Check Results for Package bama

Last updated on 2021-06-19 14:49:25 CEST.

Flavor Version Tinstall Tcheck Ttotal Status Flags
r-devel-linux-x86_64-debian-clang 1.2 59.57 39.13 98.70 OK
r-devel-linux-x86_64-debian-gcc 1.2 41.34 31.00 72.34 OK
r-devel-linux-x86_64-fedora-clang 1.2 142.97 OK
r-devel-linux-x86_64-fedora-gcc 1.2 123.30 OK
r-devel-windows-x86_64 1.2 71.00 58.00 129.00 OK
r-devel-windows-x86_64-gcc10-UCRT 1.2 OK
r-patched-linux-x86_64 1.2 50.55 38.55 89.10 OK
r-patched-solaris-x86 1.2 152.70 OK
r-release-linux-x86_64 1.2 47.49 37.94 85.43 OK
r-release-macos-arm64 1.2 NOTE
r-release-macos-x86_64 1.2 NOTE
r-release-windows-ix86+x86_64 1.2 134.00 87.00 221.00 OK
r-oldrel-macos-x86_64 1.2 NOTE
r-oldrel-windows-ix86+x86_64 1.2 98.00 93.00 191.00 OK

Additional issues

donttest

Check Details

Version: 1.2
Check: installed package size
Result: NOTE
     installed size is 5.9Mb
     sub-directories of 1Mb or more:
     libs 5.0Mb
Flavors: r-release-macos-arm64, r-release-macos-x86_64, r-oldrel-macos-x86_64