CRAN Package Check Results for Package bama

Last updated on 2023-05-28 01:53:51 CEST.

Flavor Version Tinstall Tcheck Ttotal Status Flags
r-devel-linux-x86_64-debian-clang 1.3.0 46.56 36.98 83.54 NOTE
r-devel-linux-x86_64-debian-gcc 1.3.0 40.97 28.86 69.83 NOTE
r-devel-linux-x86_64-fedora-clang 1.3.0 129.62 NOTE
r-devel-linux-x86_64-fedora-gcc 1.3.0 149.32 NOTE
r-devel-windows-x86_64 1.3.0 40.00 74.00 114.00 NOTE
r-patched-linux-x86_64 1.3.0 42.82 36.19 79.01 NOTE
r-release-linux-x86_64 1.3.0 49.05 35.72 84.77 NOTE
r-release-macos-arm64 1.3.0 44.00 NOTE
r-release-macos-x86_64 1.3.0 70.00 NOTE
r-release-windows-x86_64 1.3.0 53.00 90.00 143.00 NOTE
r-oldrel-macos-arm64 1.3.0 41.00 OK
r-oldrel-macos-x86_64 1.3.0 48.00 OK
r-oldrel-windows-x86_64 1.3.0 53.00 91.00 144.00 OK

Check Details

Version: 1.3.0
Check: C++ specification
Result: NOTE
     Specified C++11: please drop specification unless essential
Flavors: r-devel-linux-x86_64-debian-clang, r-devel-linux-x86_64-debian-gcc, r-devel-linux-x86_64-fedora-clang, r-devel-linux-x86_64-fedora-gcc, r-devel-windows-x86_64, r-patched-linux-x86_64, r-release-linux-x86_64, r-release-macos-arm64, r-release-macos-x86_64, r-release-windows-x86_64