CRAN Package Check Results for Package bamboo

Last updated on 2017-12-18 10:47:03 CET.

Flavor Version Tinstall Tcheck Ttotal Status Flags
r-devel-linux-x86_64-debian-clang 0.9.19 2.63 16.58 19.21 OK
r-devel-linux-x86_64-debian-gcc 0.9.19 2.48 15.92 18.40 OK
r-devel-windows-ix86+x86_64 0.9.19 32.00 316.00 348.00 OK
r-patched-linux-x86_64 0.9.19 3.51 18.05 21.56 OK
r-release-linux-x86_64 0.9.19 3.72 17.74 21.46 OK
r-release-windows-ix86+x86_64 0.9.19 32.00 339.00 371.00 OK
r-release-osx-x86_64 0.9.19 ERROR
r-oldrel-windows-ix86+x86_64 0.9.19 34.00 329.00 363.00 OK
r-oldrel-osx-x86_64 0.9.19 ERROR

Check Details

Version: 0.9.19
Check: whether package can be installed
Result: ERROR
    Installation failed.
Flavors: r-release-osx-x86_64, r-oldrel-osx-x86_64