CRAN Package Check Results for Package bamboo

Last updated on 2017-08-24 09:47:04.

Flavor Version Tinstall Tcheck Ttotal Status Flags
r-devel-linux-x86_64-debian-clang 0.9.18 2.85 52.81 55.66 OK
r-devel-linux-x86_64-debian-gcc 0.9.18 2.81 36.43 39.23 OK
r-devel-linux-x86_64-fedora-clang 0.9.18 32.04 OK
r-devel-linux-x86_64-fedora-gcc 0.9.18 29.96 OK
r-devel-windows-ix86+x86_64 0.9.18 9.00 137.00 146.00 OK
r-patched-linux-x86_64 0.9.18 2.60 53.16 55.76 OK
r-patched-solaris-x86 0.9.18 166.50 OK
r-release-linux-x86_64 0.9.18 2.68 36.65 39.32 OK
r-release-windows-ix86+x86_64 0.9.18 6.00 45.00 51.00 OK
r-release-osx-x86_64 0.9.18 WARN
r-oldrel-windows-ix86+x86_64 0.9.18 8.00 45.00 53.00 OK
r-oldrel-osx-x86_64 0.9.18 WARN

Check Details

Version: 0.9.18
Check: dependencies in R code
Result: NOTE
    
    Searching for a suitable Scala installation.
     * FAILURE: 'scala.home' argument is NULL
     * FAILURE: 'rscala.scala.home' () global option
     * FAILURE: SCALA_HOME () environment variable
     * FAILURE: 'scala' in the shell's search path
    
    Cannot find a suitable Scala installation.
    
    Scala (>= 2.10) is not distributed with the rscala package. Individuals can
    install Scala using "rscala::scalaInstall()" which places Scala in "~/.rscala"
    in the user's home directory. System administrators should install Scala
    globally as described here: http://www.scala-lang.org/download/install.html.
    In short, simply download the archive, unpack it, and add the "scala" script to
    the path. Note that Scala itself requires Java. The rscala package tries
    various techniques to find a suitable Scala installation, including searching
    the path. Details on the search are available using
    "rscala::scalaInfo(verbose=TRUE)".
    
    Error in get(f, envir = code_env) :
     Please run "rscala::scalaInstall()" or install Scala manually.
    Execution halted
Flavors: r-release-osx-x86_64, r-oldrel-osx-x86_64

Version: 0.9.18
Check: foreign function calls
Result: NOTE
    
    Searching for a suitable Scala installation.
     * FAILURE: 'scala.home' argument is NULL
     * FAILURE: 'rscala.scala.home' () global option
     * FAILURE: SCALA_HOME () environment variable
     * FAILURE: 'scala' in the shell's search path
    
    Cannot find a suitable Scala installation.
    
    Scala (>= 2.10) is not distributed with the rscala package. Individuals can
    install Scala using "rscala::scalaInstall()" which places Scala in "~/.rscala"
    in the user's home directory. System administrators should install Scala
    globally as described here: http://www.scala-lang.org/download/install.html.
    In short, simply download the archive, unpack it, and add the "scala" script to
    the path. Note that Scala itself requires Java. The rscala package tries
    various techniques to find a suitable Scala installation, including searching
    the path. Details on the search are available using
    "rscala::scalaInfo(verbose=TRUE)".
    
    Error in get(f, envir = code_env) :
     Please run "rscala::scalaInstall()" or install Scala manually.
    Calls: <Anonymous> -> lapply -> FUN -> get
    Execution halted
    See chapter ‘System and foreign language interfaces’ in the ‘Writing R
    Extensions’ manual.
Flavors: r-release-osx-x86_64, r-oldrel-osx-x86_64

Version: 0.9.18
Check: R code for possible problems
Result: NOTE
    
    Searching for a suitable Scala installation.
     * FAILURE: 'scala.home' argument is NULL
     * FAILURE: 'rscala.scala.home' () global option
     * FAILURE: SCALA_HOME () environment variable
     * FAILURE: 'scala' in the shell's search path
    
    Cannot find a suitable Scala installation.
    
    Scala (>= 2.10) is not distributed with the rscala package. Individuals can
    install Scala using "rscala::scalaInstall()" which places Scala in "~/.rscala"
    in the user's home directory. System administrators should install Scala
    globally as described here: http://www.scala-lang.org/download/install.html.
    In short, simply download the archive, unpack it, and add the "scala" script to
    the path. Note that Scala itself requires Java. The rscala package tries
    various techniques to find a suitable Scala installation, including searching
    the path. Details on the search are available using
    "rscala::scalaInfo(verbose=TRUE)".
    
    Error in get(n, envir = env) :
     Please run "rscala::scalaInstall()" or install Scala manually.
    Calls: <Anonymous> ... withCallingHandlers -> do.call -> <Anonymous> -> get
    Execution halted
Flavors: r-release-osx-x86_64, r-oldrel-osx-x86_64

Version: 0.9.18
Check: for code/documentation mismatches
Result: WARN
    
    Searching for a suitable Scala installation.
     * FAILURE: 'scala.home' argument is NULL
     * FAILURE: 'rscala.scala.home' () global option
     * FAILURE: SCALA_HOME () environment variable
     * FAILURE: 'scala' in the shell's search path
    
    Cannot find a suitable Scala installation.
    
    Scala (>= 2.10) is not distributed with the rscala package. Individuals can
    install Scala using "rscala::scalaInstall()" which places Scala in "~/.rscala"
    in the user's home directory. System administrators should install Scala
    globally as described here: http://www.scala-lang.org/download/install.html.
    In short, simply download the archive, unpack it, and add the "scala" script to
    the path. Note that Scala itself requires Java. The rscala package tries
    various techniques to find a suitable Scala installation, including searching
    the path. Details on the search are available using
    "rscala::scalaInfo(verbose=TRUE)".
    
    Error in get(f, envir = ns_env) :
     Please run "rscala::scalaInstall()" or install Scala manually.
    Calls: <Anonymous> -> Filter -> unlist -> lapply -> FUN -> get
    Execution halted
Flavors: r-release-osx-x86_64, r-oldrel-osx-x86_64