CRAN Package Check Results for Package bamboo

Last updated on 2020-01-26 23:47:19 CET.

Flavor Version Tinstall Tcheck Ttotal Status Flags
r-devel-linux-x86_64-debian-clang 0.9.24 39.95 636.84 676.79 OK
r-devel-linux-x86_64-debian-gcc 0.9.24 35.19 486.51 521.70 OK
r-devel-linux-x86_64-fedora-clang 0.9.24 763.88 OK
r-devel-linux-x86_64-fedora-gcc 0.9.24 754.00 OK
r-devel-windows-ix86+x86_64 0.9.24 516.00 441.00 957.00 NOTE
r-devel-windows-ix86+x86_64-gcc8 0.9.24 486.00 433.00 919.00 NOTE
r-patched-linux-x86_64 0.9.24 40.58 611.72 652.30 OK
r-release-linux-x86_64 0.9.24 39.52 602.47 641.99 OK
r-release-windows-ix86+x86_64 0.9.24 286.00 410.00 696.00 NOTE
r-release-osx-x86_64 0.9.24 OK
r-oldrel-windows-ix86+x86_64 0.9.24 138.00 438.00 576.00 NOTE
r-oldrel-osx-x86_64 0.9.24 OK

Check Details

Version: 0.9.24
Check: R code for possible problems
Result: NOTE
    trying URL 'https://downloads.lightbend.com/scala/2.13.1/scala-2.13.1.tgz'
    Content type 'application/octet-stream' length 19685743 bytes (18.8 MB)
    ==================================================
    downloaded 18.8 MB
Flavors: r-devel-windows-ix86+x86_64, r-devel-windows-ix86+x86_64-gcc8, r-release-windows-ix86+x86_64, r-oldrel-windows-ix86+x86_64