CRAN Package Check Results for Package bamboo

Last updated on 2018-07-16 11:47:16 CEST.

Flavor Version Tinstall Tcheck Ttotal Status Flags
r-devel-linux-x86_64-debian-clang 0.9.22 3.58 16.00 19.58 ERROR
r-devel-linux-x86_64-debian-gcc 0.9.22 3.14 18.62 21.76 ERROR
r-devel-linux-x86_64-fedora-clang 0.9.22 34.66 OK
r-devel-linux-x86_64-fedora-gcc 0.9.22 32.77 OK
r-devel-windows-ix86+x86_64 0.9.22 60.00 530.00 590.00 OK
r-patched-linux-x86_64 0.9.22 3.04 22.22 25.26 OK
r-release-linux-x86_64 0.9.22 3.36 22.00 25.36 OK
r-release-windows-ix86+x86_64 0.9.22 60.00 496.00 556.00 OK
r-release-osx-x86_64 0.9.22 ERROR
r-oldrel-windows-ix86+x86_64 0.9.22 57.00 482.00 539.00 OK
r-oldrel-osx-x86_64 0.9.22 ERROR

Check Details

Version: 0.9.22
Check: examples
Result: ERROR
    Running examples in ‘bamboo-Ex.R’ failed
    The error occurred in:
    
    
    R Under development (unstable) (2018-07-14 r74963) -- "Unsuffered Consequences"
    Copyright (C) 2018 The R Foundation for Statistical Computing
    Platform: x86_64-pc-linux-gnu (64-bit)
    
    R is free software and comes with ABSOLUTELY NO WARRANTY.
    You are welcome to redistribute it under certain conditions.
    Type 'license()' or 'licence()' for distribution details.
    
     Natural language support but running in an English locale
    
    R is a collaborative project with many contributors.
    Type 'contributors()' for more information and
    'citation()' on how to cite R or R packages in publications.
    
    Type 'demo()' for some demos, 'help()' for on-line help, or
    'help.start()' for an HTML browser interface to help.
    Type 'q()' to quit R.
    
    > pkgname <- "bamboo"
    > source(file.path(R.home("share"), "R", "examples-header.R"))
    > options(warn = 1)
    > base::assign(".ExTimings", "bamboo-Ex.timings", pos = 'CheckExEnv')
    > base::cat("name\tuser\tsystem\telapsed\n", file=base::get(".ExTimings", pos = 'CheckExEnv'))
    > base::assign(".format_ptime",
    + function(x) {
    + if(!is.na(x[4L])) x[1L] <- x[1L] + x[4L]
    + if(!is.na(x[5L])) x[2L] <- x[2L] + x[5L]
    + options(OutDec = '.')
    + format(x[1L:3L], digits = 7L)
    + },
    + pos = 'CheckExEnv')
    >
    > ### * </HEADER>
    > library('bamboo')
    >
    > base::assign(".oldSearch", base::search(), pos = 'CheckExEnv')
    > base::assign(".old_wd", base::getwd(), pos = 'CheckExEnv')
    > cleanEx()
    Error: connections left open:
     ->localhost:42087 (sockconn)
     ->localhost:45083 (sockconn)
    Execution halted
Flavor: r-devel-linux-x86_64-debian-clang

Version: 0.9.22
Check: examples
Result: ERROR
    Running examples in ‘bamboo-Ex.R’ failed
    The error occurred in:
    
    
    R Under development (unstable) (2018-07-14 r74963) -- "Unsuffered Consequences"
    Copyright (C) 2018 The R Foundation for Statistical Computing
    Platform: x86_64-pc-linux-gnu (64-bit)
    
    R is free software and comes with ABSOLUTELY NO WARRANTY.
    You are welcome to redistribute it under certain conditions.
    Type 'license()' or 'licence()' for distribution details.
    
     Natural language support but running in an English locale
    
    R is a collaborative project with many contributors.
    Type 'contributors()' for more information and
    'citation()' on how to cite R or R packages in publications.
    
    Type 'demo()' for some demos, 'help()' for on-line help, or
    'help.start()' for an HTML browser interface to help.
    Type 'q()' to quit R.
    
    > pkgname <- "bamboo"
    > source(file.path(R.home("share"), "R", "examples-header.R"))
    > options(warn = 1)
    > base::assign(".ExTimings", "bamboo-Ex.timings", pos = 'CheckExEnv')
    > base::cat("name\tuser\tsystem\telapsed\n", file=base::get(".ExTimings", pos = 'CheckExEnv'))
    > base::assign(".format_ptime",
    + function(x) {
    + if(!is.na(x[4L])) x[1L] <- x[1L] + x[4L]
    + if(!is.na(x[5L])) x[2L] <- x[2L] + x[5L]
    + options(OutDec = '.')
    + format(x[1L:3L], digits = 7L)
    + },
    + pos = 'CheckExEnv')
    >
    > ### * </HEADER>
    > library('bamboo')
    >
    > base::assign(".oldSearch", base::search(), pos = 'CheckExEnv')
    > base::assign(".old_wd", base::getwd(), pos = 'CheckExEnv')
    > cleanEx()
    Error: connections left open:
     ->localhost:41475 (sockconn)
     ->localhost:36503 (sockconn)
    Execution halted
Flavor: r-devel-linux-x86_64-debian-gcc

Version: 0.9.22
Check: package dependencies
Result: ERROR
    Package required and available but unsuitable version: ‘rscala’
    
    See section ‘The DESCRIPTION file’ in the ‘Writing R Extensions’
    manual.
Flavors: r-release-osx-x86_64, r-oldrel-osx-x86_64