Last updated on 2019-02-22 09:59:43 CET.
Flavor | Version | Tinstall | Tcheck | Ttotal | Status | Flags |
---|---|---|---|---|---|---|
r-devel-linux-x86_64-debian-clang | 2.0.6 | 9.88 | 138.65 | 148.53 | OK | |
r-devel-linux-x86_64-debian-gcc | 2.0.6 | 7.62 | 120.27 | 127.89 | OK | |
r-devel-linux-x86_64-fedora-clang | 2.0.6 | 174.25 | OK | |||
r-devel-linux-x86_64-fedora-gcc | 2.0.6 | 170.21 | OK | |||
r-devel-windows-ix86+x86_64 | 2.0.6 | 34.00 | 205.00 | 239.00 | OK | |
r-patched-linux-x86_64 | 2.0.6 | 9.73 | 141.59 | 151.32 | OK | |
r-patched-solaris-x86 | 2.0.6 | 380.50 | OK | |||
r-release-linux-x86_64 | 2.0.6 | OK | ||||
r-release-windows-ix86+x86_64 | 2.0.6 | 33.00 | 266.00 | 299.00 | OK | |
r-release-osx-x86_64 | 2.0.6 | OK | ||||
r-oldrel-osx-x86_64 | 2.0.6 | ERROR |
Version: 2.0.6
Check: whether package can be installed
Result: ERROR
Installation failed.
Flavor: r-oldrel-osx-x86_64