CRAN Package Check Results for Package bandit

Last updated on 2021-04-12 01:47:03 CEST.

Flavor Version Tinstall Tcheck Ttotal Status Flags
r-devel-linux-x86_64-debian-clang 0.5.0 2.37 25.14 27.51 NOTE
r-devel-linux-x86_64-debian-gcc 0.5.0 1.89 19.90 21.79 NOTE
r-devel-linux-x86_64-fedora-clang 0.5.0 42.27 NOTE
r-devel-linux-x86_64-fedora-gcc 0.5.0 28.18 NOTE
r-devel-windows-ix86+x86_64 0.5.0 5.00 40.00 45.00 NOTE
r-devel-windows-x86_64-gcc10-UCRT 0.5.0 NOTE
r-patched-linux-x86_64 0.5.0 1.98 24.79 26.77 NOTE
r-patched-solaris-x86 0.5.0 48.80 NOTE
r-release-linux-x86_64 0.5.0 2.07 24.61 26.68 NOTE
r-release-macos-x86_64 0.5.0 NOTE
r-release-windows-ix86+x86_64 0.5.0 4.00 42.00 46.00 NOTE
r-oldrel-macos-x86_64 0.5.0 NOTE
r-oldrel-windows-ix86+x86_64 0.5.0 5.00 30.00 35.00 NOTE

Check Details

Version: 0.5.0
Check: R code for possible problems
Result: NOTE
    best_binomial_bandit : f: no visible global function definition for
     'dbeta'
    best_binomial_bandit : f: no visible global function definition for
     'pbeta'
    best_binomial_bandit: no visible global function definition for
     'integrate'
    best_poisson_bandit : f: no visible global function definition for
     'dgamma'
    best_poisson_bandit : f: no visible global function definition for
     'pgamma'
    best_poisson_bandit: no visible global function definition for
     'integrate'
    deseasonalized_trend: no visible global function definition for
     'predict'
    distribution_estimate: no visible global function definition for
     'quantile'
    distribution_estimate: no visible global function definition for
     'qbeta'
    significance_analysis: no visible global function definition for
     'prop.test'
    sim_post: no visible global function definition for 'rbeta'
    summarize_metrics: no visible global function definition for 'median'
    summarize_metrics: no visible global function definition for
     'prop.test'
    Undefined global functions or variables:
     dbeta dgamma integrate median pbeta pgamma predict prop.test qbeta
     quantile rbeta
    Consider adding
     importFrom("stats", "dbeta", "dgamma", "integrate", "median", "pbeta",
     "pgamma", "predict", "prop.test", "qbeta", "quantile",
     "rbeta")
    to your NAMESPACE file.
Flavors: r-devel-linux-x86_64-debian-clang, r-devel-linux-x86_64-debian-gcc, r-devel-linux-x86_64-fedora-clang, r-devel-linux-x86_64-fedora-gcc, r-devel-windows-ix86+x86_64, r-devel-windows-x86_64-gcc10-UCRT, r-patched-linux-x86_64, r-patched-solaris-x86, r-release-linux-x86_64, r-release-macos-x86_64, r-release-windows-ix86+x86_64, r-oldrel-macos-x86_64, r-oldrel-windows-ix86+x86_64