CRAN Package Check Results for Package banditpam

Last updated on 2023-06-06 17:58:34 CEST.

Flavor Version Tinstall Tcheck Ttotal Status Flags
r-devel-linux-x86_64-debian-clang 1.0-1 127.17 221.60 348.77 OK
r-devel-linux-x86_64-debian-gcc 1.0-1 96.07 116.33 212.40 OK
r-devel-linux-x86_64-fedora-clang 1.0-1 365.09 OK
r-devel-linux-x86_64-fedora-gcc 1.0-1 356.64 OK
r-devel-windows-x86_64 1.0-1 93.00 122.00 215.00 OK
r-patched-linux-x86_64 1.0-1 100.64 167.89 268.53 OK
r-release-linux-x86_64 1.0-1 105.69 167.34 273.03 OK
r-release-macos-arm64 1.0-1 106.00 NOTE
r-release-macos-x86_64 1.0-1 169.00 NOTE
r-release-windows-x86_64 1.0-1 117.00 121.00 238.00 OK
r-oldrel-macos-arm64 1.0-1 96.00 NOTE
r-oldrel-macos-x86_64 1.0-1 39.00 ERROR
r-oldrel-windows-x86_64 1.0-1 117.00 135.00 252.00 OK

Check Details

Version: 1.0-1
Check: installed package size
Result: NOTE
     installed size is 5.7Mb
     sub-directories of 1Mb or more:
     libs 5.4Mb
Flavors: r-release-macos-arm64, r-release-macos-x86_64, r-oldrel-macos-arm64

Version: 1.0-1
Check: whether package can be installed
Result: ERROR
    Installation failed.
Flavor: r-oldrel-macos-x86_64