CRAN Package Check Results for Package bangladesh

Last updated on 2025-06-21 06:49:27 CEST.

Flavor Version Tinstall Tcheck Ttotal Status Flags
r-devel-linux-x86_64-debian-clang 1.0.0 36.38 310.97 347.35 OK
r-devel-linux-x86_64-debian-gcc 1.0.0 24.74 195.00 219.74 OK
r-devel-linux-x86_64-fedora-clang 1.0.0 543.05 OK
r-devel-linux-x86_64-fedora-gcc 1.0.0 557.58 OK
r-devel-windows-x86_64 1.0.0 36.00 246.00 282.00 OK
r-patched-linux-x86_64 1.0.0 29.26 291.12 320.38 OK
r-release-linux-x86_64 1.0.0 35.10 291.42 326.52 OK
r-release-macos-arm64 1.0.0 151.00 OK
r-release-macos-x86_64 1.0.0 281.00 OK
r-release-windows-x86_64 1.0.0 34.00 242.00 276.00 OK
r-oldrel-macos-arm64 1.0.0 132.00 NOTE
r-oldrel-macos-x86_64 1.0.0 227.00 NOTE
r-oldrel-windows-x86_64 1.0.0 49.00 360.00 409.00 NOTE

Check Details

Version: 1.0.0
Check: installed package size
Result: NOTE installed size is 5.7Mb sub-directories of 1Mb or more: data 4.9Mb Flavors: r-oldrel-macos-arm64, r-oldrel-macos-x86_64, r-oldrel-windows-x86_64