CRAN Package Check Results for Package banxicoR

Last updated on 2019-07-19 11:48:35 CEST.

Flavor Version Tinstall Tcheck Ttotal Status Flags
r-devel-linux-x86_64-debian-clang 0.9.0 1.99 23.78 25.77 OK
r-devel-linux-x86_64-debian-gcc 0.9.0 1.89 19.62 21.51 OK
r-devel-linux-x86_64-fedora-clang 0.9.0 27.21 NOTE
r-devel-linux-x86_64-fedora-gcc 0.9.0 26.05 NOTE
r-devel-windows-ix86+x86_64 0.9.0 9.00 40.00 49.00 OK
r-patched-linux-x86_64 0.9.0 2.41 23.82 26.23 OK
r-patched-solaris-x86 0.9.0 55.60 NOTE
r-release-linux-x86_64 0.9.0 2.33 23.69 26.02 OK
r-release-windows-ix86+x86_64 0.9.0 7.00 40.00 47.00 OK
r-release-osx-x86_64 0.9.0 NOTE
r-oldrel-windows-ix86+x86_64 0.9.0 4.00 55.00 59.00 OK
r-oldrel-osx-x86_64 0.9.0 NOTE

Check Details

Version: 0.9.0
Check: data for non-ASCII characters
Result: NOTE
     Note: found 148 marked UTF-8 strings
Flavors: r-devel-linux-x86_64-fedora-clang, r-devel-linux-x86_64-fedora-gcc, r-patched-solaris-x86, r-release-osx-x86_64, r-oldrel-osx-x86_64