CRAN Package Check Results for Package banxicoR

Last updated on 2019-04-19 18:46:52 CEST.

Flavor Version Tinstall Tcheck Ttotal Status Flags
r-devel-linux-x86_64-debian-clang 0.9.0 2.45 21.51 23.96 OK
r-devel-linux-x86_64-debian-gcc 0.9.0 1.93 19.37 21.30 OK
r-devel-linux-x86_64-fedora-clang 0.9.0 25.12 NOTE
r-devel-linux-x86_64-fedora-gcc 0.9.0 25.31 NOTE
r-devel-windows-ix86+x86_64 0.9.0 9.00 52.00 61.00 OK
r-patched-linux-x86_64 0.9.0 2.15 21.43 23.58 OK
r-patched-solaris-x86 0.9.0 52.50 NOTE
r-release-linux-x86_64 0.9.0 1.44 20.33 21.77 OK
r-release-windows-ix86+x86_64 0.9.0 3.00 38.00 41.00 OK
r-release-osx-x86_64 0.9.0 NOTE
r-oldrel-windows-ix86+x86_64 0.9.0 4.00 49.00 53.00 OK
r-oldrel-osx-x86_64 0.9.0 NOTE

Check Details

Version: 0.9.0
Check: data for non-ASCII characters
Result: NOTE
     Note: found 148 marked UTF-8 strings
Flavors: r-devel-linux-x86_64-fedora-clang, r-devel-linux-x86_64-fedora-gcc, r-patched-solaris-x86, r-release-osx-x86_64, r-oldrel-osx-x86_64