CRAN Package Check Results for Package banxicoR

Last updated on 2022-08-17 13:49:03 CEST.

Flavor Version Tinstall Tcheck Ttotal Status Flags
r-devel-linux-x86_64-debian-clang 0.9.0 2.98 29.27 32.25 OK
r-devel-linux-x86_64-debian-gcc 0.9.0 OK
r-devel-linux-x86_64-fedora-clang 0.9.0 50.80 NOTE
r-devel-linux-x86_64-fedora-gcc 0.9.0 49.01 NOTE
r-devel-windows-x86_64 0.9.0 12.00 53.00 65.00 OK
r-patched-linux-x86_64 0.9.0 3.12 29.02 32.14 OK
r-release-linux-x86_64 0.9.0 2.67 29.31 31.98 OK
r-release-macos-arm64 0.9.0 18.00 NOTE
r-release-macos-x86_64 0.9.0 23.00 NOTE
r-release-windows-x86_64 0.9.0 11.00 54.00 65.00 OK
r-oldrel-macos-arm64 0.9.0 21.00 NOTE
r-oldrel-macos-x86_64 0.9.0 25.00 NOTE
r-oldrel-windows-ix86+x86_64 0.9.0 8.00 52.00 60.00 OK

Check Details

Version: 0.9.0
Check: data for non-ASCII characters
Result: NOTE
     Note: found 148 marked UTF-8 strings
Flavors: r-devel-linux-x86_64-fedora-clang, r-devel-linux-x86_64-fedora-gcc, r-release-macos-arm64, r-release-macos-x86_64, r-oldrel-macos-arm64, r-oldrel-macos-x86_64