CRAN Package Check Results for Package bapred

Last updated on 2019-08-21 02:49:01 CEST.

Flavor Version Tinstall Tcheck Ttotal Status Flags
r-devel-linux-x86_64-debian-clang 1.0 26.98 246.35 273.33 NOTE
r-devel-linux-x86_64-debian-gcc 1.0 22.35 189.45 211.80 NOTE
r-devel-linux-x86_64-fedora-clang 1.0 336.67 NOTE
r-devel-linux-x86_64-fedora-gcc 1.0 322.12 NOTE
r-devel-windows-ix86+x86_64 1.0 75.00 338.00 413.00 NOTE
r-patched-linux-x86_64 1.0 24.19 236.69 260.88 NOTE
r-patched-solaris-x86 1.0 480.50 NOTE
r-release-linux-x86_64 1.0 25.84 232.75 258.59 NOTE
r-release-windows-ix86+x86_64 1.0 53.00 241.00 294.00 NOTE
r-release-osx-x86_64 1.0 ERROR
r-oldrel-windows-ix86+x86_64 1.0 46.00 313.00 359.00 NOTE
r-oldrel-osx-x86_64 1.0 NOTE

Check Details

Version: 1.0
Check: R code for possible problems
Result: NOTE
    extractAffybatch: no visible global function definition for 'new'
    Undefined global functions or variables:
     new
    Consider adding
     importFrom("methods", "new")
    to your NAMESPACE file (and ensure that your DESCRIPTION Imports field
    contains 'methods').
Flavors: r-devel-linux-x86_64-debian-clang, r-devel-linux-x86_64-debian-gcc, r-devel-linux-x86_64-fedora-clang, r-devel-linux-x86_64-fedora-gcc, r-devel-windows-ix86+x86_64, r-patched-linux-x86_64, r-patched-solaris-x86, r-release-linux-x86_64, r-release-windows-ix86+x86_64, r-oldrel-windows-ix86+x86_64, r-oldrel-osx-x86_64

Version: 1.0
Check: package dependencies
Result: ERROR
    Packages required but not available: 'sva', 'affyPLM', 'affy', 'Biobase'
    
    Package suggested but not available for checking: ‘ArrayExpress’
    
    See section ‘The DESCRIPTION file’ in the ‘Writing R Extensions’
    manual.
Flavor: r-release-osx-x86_64

Version: 1.0
Check: package dependencies
Result: NOTE
    Package suggested but not available for checking: ‘ArrayExpress’
Flavor: r-oldrel-osx-x86_64