CRAN Package Check Results for Package bapred

Last updated on 2019-02-24 00:52:30 CET.

Flavor Version Tinstall Tcheck Ttotal Status Flags
r-devel-linux-x86_64-debian-clang 1.0 18.86 231.48 250.34 NOTE
r-devel-linux-x86_64-debian-gcc 1.0 16.35 187.03 203.38 NOTE
r-devel-linux-x86_64-fedora-clang 1.0 330.67 NOTE
r-devel-linux-x86_64-fedora-gcc 1.0 310.76 NOTE
r-devel-windows-ix86+x86_64 1.0 45.00 307.00 352.00 WARN
r-patched-linux-x86_64 1.0 16.19 211.57 227.76 NOTE
r-patched-solaris-x86 1.0 469.00 NOTE
r-release-linux-x86_64 1.0 14.68 220.80 235.48 NOTE
r-release-windows-ix86+x86_64 1.0 40.00 306.00 346.00 NOTE
r-release-osx-x86_64 1.0 NOTE
r-oldrel-windows-ix86+x86_64 1.0 29.00 239.00 268.00 NOTE
r-oldrel-osx-x86_64 1.0 NOTE

Check Details

Version: 1.0
Check: R code for possible problems
Result: NOTE
    extractAffybatch: no visible global function definition for ‘new’
    Undefined global functions or variables:
     new
    Consider adding
     importFrom("methods", "new")
    to your NAMESPACE file (and ensure that your DESCRIPTION Imports field
    contains 'methods').
Flavors: r-devel-linux-x86_64-debian-clang, r-devel-linux-x86_64-debian-gcc, r-devel-linux-x86_64-fedora-clang, r-devel-linux-x86_64-fedora-gcc, r-devel-windows-ix86+x86_64, r-patched-linux-x86_64, r-patched-solaris-x86, r-release-linux-x86_64, r-release-windows-ix86+x86_64, r-release-osx-x86_64, r-oldrel-windows-ix86+x86_64, r-oldrel-osx-x86_64

Version: 1.0
Check: whether package can be installed
Result: WARN
    Found the following significant warnings:
     Warning: 'BiocInstaller' and 'biocLite()' are deprecated, use the 'BiocManager' CRAN
Flavor: r-devel-windows-ix86+x86_64

Version: 1.0
Check: package dependencies
Result: NOTE
    Package suggested but not available for checking: ‘ArrayExpress’
Flavors: r-release-osx-x86_64, r-oldrel-osx-x86_64