Last updated on 2022-08-18 02:53:12 CEST.
Flavor | Version | Tinstall | Tcheck | Ttotal | Status | Flags |
---|---|---|---|---|---|---|
r-devel-linux-x86_64-debian-clang | 1.1 | 37.15 | 333.85 | 371.00 | OK | |
r-devel-linux-x86_64-debian-gcc | 1.1 | OK | ||||
r-devel-linux-x86_64-fedora-clang | 1.1 | 469.08 | OK | |||
r-devel-linux-x86_64-fedora-gcc | 1.1 | 488.04 | OK | |||
r-devel-windows-x86_64 | 1.1 | 47.00 | 355.00 | 402.00 | OK | |
r-patched-linux-x86_64 | 1.1 | 32.76 | 318.13 | 350.89 | OK | |
r-release-linux-x86_64 | 1.1 | 31.96 | 319.36 | 351.32 | OK | |
r-release-macos-arm64 | 1.1 | 120.00 | NOTE | |||
r-release-macos-x86_64 | 1.1 | 157.00 | NOTE | |||
r-release-windows-x86_64 | 1.1 | 46.00 | 360.00 | 406.00 | OK | |
r-oldrel-macos-arm64 | 1.1 | 100.00 | NOTE | |||
r-oldrel-macos-x86_64 | 1.1 | 17.00 | ERROR | |||
r-oldrel-windows-ix86+x86_64 | 1.1 | 74.00 | 352.00 | 426.00 | OK |
Version: 1.1
Check: package dependencies
Result: NOTE
Package suggested but not available for checking: ‘ArrayExpress’
Flavors: r-release-macos-arm64, r-release-macos-x86_64, r-oldrel-macos-arm64, r-oldrel-macos-x86_64
Version: 1.1
Check: whether package can be installed
Result: ERROR
Installation failed.
Flavor: r-oldrel-macos-x86_64