CRAN Package Check Results for Package bapred

Last updated on 2019-04-19 12:47:26 CEST.

Flavor Version Tinstall Tcheck Ttotal Status Flags
r-devel-linux-x86_64-debian-clang 1.0 25.45 215.80 241.25 NOTE
r-devel-linux-x86_64-debian-gcc 1.0 21.79 181.96 203.75 NOTE
r-devel-linux-x86_64-fedora-clang 1.0 318.54 NOTE
r-devel-linux-x86_64-fedora-gcc 1.0 305.27 NOTE
r-devel-windows-ix86+x86_64 1.0 66.00 239.00 305.00 NOTE
r-patched-linux-x86_64 1.0 26.89 216.31 243.20 NOTE
r-patched-solaris-x86 1.0 448.70 NOTE
r-release-linux-x86_64 1.0 15.72 205.06 220.78 NOTE
r-release-windows-ix86+x86_64 1.0 31.00 305.00 336.00 NOTE
r-release-osx-x86_64 1.0 NOTE
r-oldrel-windows-ix86+x86_64 1.0 28.00 311.00 339.00 NOTE
r-oldrel-osx-x86_64 1.0 NOTE

Check Details

Version: 1.0
Check: R code for possible problems
Result: NOTE
    extractAffybatch: no visible global function definition for 'new'
    Undefined global functions or variables:
     new
    Consider adding
     importFrom("methods", "new")
    to your NAMESPACE file (and ensure that your DESCRIPTION Imports field
    contains 'methods').
Flavors: r-devel-linux-x86_64-debian-clang, r-devel-linux-x86_64-debian-gcc, r-devel-linux-x86_64-fedora-clang, r-devel-linux-x86_64-fedora-gcc, r-devel-windows-ix86+x86_64, r-patched-linux-x86_64, r-patched-solaris-x86, r-release-linux-x86_64, r-release-windows-ix86+x86_64, r-release-osx-x86_64, r-oldrel-windows-ix86+x86_64, r-oldrel-osx-x86_64

Version: 1.0
Check: package dependencies
Result: NOTE
    Package suggested but not available for checking: ‘ArrayExpress’
Flavors: r-release-osx-x86_64, r-oldrel-osx-x86_64