CRAN Package Check Results for Package barcode

Last updated on 2022-09-28 07:51:40 CEST.

Flavor Version Tinstall Tcheck Ttotal Status Flags
r-devel-linux-x86_64-debian-clang 1.3.0 2.69 26.37 29.06 NOTE
r-devel-linux-x86_64-debian-gcc 1.3.0 1.70 20.63 22.33 NOTE
r-devel-linux-x86_64-fedora-clang 1.3.0 48.58 NOTE
r-devel-linux-x86_64-fedora-gcc 1.3.0 47.16 NOTE
r-devel-windows-x86_64 1.3.0 6.00 52.00 58.00 NOTE
r-patched-linux-x86_64 1.3.0 2.29 26.19 28.48 OK
r-release-linux-x86_64 1.3.0 1.90 26.49 28.39 OK
r-release-macos-arm64 1.3.0 17.00 OK
r-release-macos-x86_64 1.3.0 25.00 OK
r-release-windows-x86_64 1.3.0 5.00 53.00 58.00 OK
r-oldrel-macos-arm64 1.3.0 14.00 OK
r-oldrel-macos-x86_64 1.3.0 23.00 OK
r-oldrel-windows-ix86+x86_64 1.3.0 6.00 51.00 57.00 OK

Check Details

Version: 1.3.0
Check: Rd files
Result: NOTE
    checkRd: (-1) barcode.Rd:52: Escaped LaTeX specials: \&
Flavors: r-devel-linux-x86_64-debian-clang, r-devel-linux-x86_64-debian-gcc, r-devel-linux-x86_64-fedora-clang, r-devel-linux-x86_64-fedora-gcc, r-devel-windows-x86_64

Version: 1.3.0
Check: Rd cross-references
Result: NOTE
    Undeclared package ‘YaleToolkit’ in Rd xrefs
Flavor: r-devel-linux-x86_64-fedora-clang