CRAN Package Check Results for Package bardr

Last updated on 2021-10-26 05:13:20 CEST.

Flavor Version Tinstall Tcheck Ttotal Status Flags
r-devel-linux-x86_64-debian-clang 0.0.9 5.72 24.82 30.54 OK
r-devel-linux-x86_64-debian-gcc 0.0.9 5.71 21.15 26.86 OK
r-devel-linux-x86_64-fedora-clang 0.0.9 50.24 NOTE
r-devel-linux-x86_64-fedora-gcc 0.0.9 40.37 NOTE
r-devel-windows-x86_64 0.0.9 10.00 41.00 51.00 OK
r-devel-windows-x86_64-gcc10-UCRT 0.0.9 NOTE
r-patched-linux-x86_64 0.0.9 5.60 25.79 31.39 OK
r-patched-solaris-x86 0.0.9 65.60 NOTE
r-release-linux-x86_64 0.0.9 5.66 25.69 31.35 OK
r-release-macos-arm64 0.0.9 NOTE
r-release-macos-x86_64 0.0.9 NOTE
r-release-windows-ix86+x86_64 0.0.9 11.00 40.00 51.00 OK
r-oldrel-macos-x86_64 0.0.9 NOTE
r-oldrel-windows-ix86+x86_64 0.0.9 12.00 33.00 45.00 OK

Check Details

Version: 0.0.9
Check: data for non-ASCII characters
Result: NOTE
     Note: found 13825 marked UTF-8 strings
Flavors: r-devel-linux-x86_64-fedora-clang, r-devel-linux-x86_64-fedora-gcc, r-devel-windows-x86_64-gcc10-UCRT, r-patched-solaris-x86, r-release-macos-arm64, r-release-macos-x86_64, r-oldrel-macos-x86_64