CRAN Package Check Results for Package barplot3d

Last updated on 2020-10-23 01:48:48 CEST.

Flavor Version Tinstall Tcheck Ttotal Status Flags
r-devel-linux-x86_64-debian-clang 1.0.1 2.29 25.18 27.47 OK
r-devel-linux-x86_64-debian-gcc 1.0.1 1.90 19.82 21.72 OK
r-devel-linux-x86_64-fedora-clang 1.0.1 41.84 OK
r-devel-linux-x86_64-fedora-gcc 1.0.1 32.77 OK
r-devel-windows-ix86+x86_64 1.0.1 7.00 47.00 54.00 OK
r-patched-linux-x86_64 1.0.1 2.40 24.53 26.93 OK
r-patched-solaris-x86 1.0.1 48.10 OK
r-release-linux-x86_64 1.0.1 1.97 24.38 26.35 OK
r-release-macos-x86_64 1.0.1 OK
r-release-windows-ix86+x86_64 1.0.1 5.00 43.00 48.00 OK
r-oldrel-macos-x86_64 1.0.1 NOTE
r-oldrel-windows-ix86+x86_64 1.0.1 4.00 48.00 52.00 OK

Check Details

Version: 1.0.1
Check: dependencies in R code
Result: NOTE
    No protocol specified
Flavor: r-oldrel-macos-x86_64