CRAN Package Check Results for Package bartMachineJARs

Last updated on 2019-12-10 16:47:41 CET.

Flavor Version Tinstall Tcheck Ttotal Status Flags
r-devel-linux-x86_64-debian-clang 1.1 3.58 23.18 26.76 OK
r-devel-linux-x86_64-debian-gcc 1.1 2.58 18.08 20.66 OK
r-devel-linux-x86_64-fedora-clang 1.1 32.14 OK
r-devel-linux-x86_64-fedora-gcc 1.1 34.02 OK
r-devel-windows-ix86+x86_64 1.1 5.00 7.00 12.00 ERROR
r-devel-windows-ix86+x86_64-gcc8 1.1 5.00 5.00 10.00 ERROR
r-patched-linux-x86_64 1.1 2.80 21.08 23.88 OK
r-patched-solaris-x86 1.1 43.30 OK
r-release-linux-x86_64 1.1 2.82 21.03 23.85 OK
r-release-windows-ix86+x86_64 1.1 7.00 43.00 50.00 OK
r-release-osx-x86_64 1.1 OK
r-oldrel-windows-ix86+x86_64 1.1 5.00 29.00 34.00 OK
r-oldrel-osx-x86_64 1.1 OK

Check Details

Version: 1.1
Check: whether package can be installed
Result: ERROR
    Installation failed.
Flavors: r-devel-windows-ix86+x86_64, r-devel-windows-ix86+x86_64-gcc8